{"id":618,"date":"2018-01-17T17:00:19","date_gmt":"2018-01-17T16:00:19","guid":{"rendered":"http:\/\/forraskut.hu\/?page_id=618"},"modified":"2018-01-17T17:00:56","modified_gmt":"2018-01-17T16:00:56","slug":"nagycsalados-egyesulet","status":"publish","type":"page","link":"https:\/\/forraskut.hu\/index.php\/nagycsalados-egyesulet\/","title":{"rendered":"Rem\u00e9ny Nagycsal\u00e1dos Egyes\u00fclet"},"content":{"rendered":"<p>Az egyes\u00fclet a forr\u00e1sk\u00fati \u00e9s \u00fcll\u00e9si nagycsal\u00e1dosokat seg\u00edti, sz\u00e1mukra szervez gy\u0171jt\u00e9seket, v\u00e1s\u00e1rokat \u00e9s egy\u00e9b, kultur\u00e1lis programokat. Forr\u00e1sk\u00faton a gy\u0171l\u00e9seiket a Jerney J\u00e1nos M\u0171vel\u0151d\u00e9si H\u00e1zban tartj\u00e1k minden h\u00f3nap els\u0151 keddj\u00e9n.<\/p>\n<p>Az egyes\u00fclet vezet\u0151je <strong>Paragi S\u00e1ndorn\u00e9<\/strong>.<\/p>\n","protected":false},"excerpt":{"rendered":"<p>Az egyes\u00fclet a forr\u00e1sk\u00fati \u00e9s \u00fcll\u00e9si nagycsal\u00e1dosokat seg\u00edti, sz\u00e1mukra szervez gy\u0171jt\u00e9seket, v\u00e1s\u00e1rokat \u00e9s egy\u00e9b, kultur\u00e1lis programokat. Forr\u00e1sk\u00faton a gy\u0171l\u00e9seiket a Jerney J\u00e1nos M\u0171vel\u0151d\u00e9si H\u00e1zban tartj\u00e1k minden h\u00f3nap els\u0151 keddj\u00e9n. Az egyes\u00fclet vezet\u0151je Paragi S\u00e1ndorn\u00e9.<\/p>\n","protected":false},"author":2,"featured_media":0,"parent":0,"menu_order":0,"comment_status":"closed","ping_status":"closed","template":"","meta":{"_exactmetrics_skip_tracking":false,"_exactmetrics_sitenote_active":false,"_exactmetrics_sitenote_note":"","_exactmetrics_sitenote_category":0,"footnotes":""},"yoast_head":"<!-- This site is optimized with the Yoast SEO plugin v23.4 - https:\/\/yoast.com\/wordpress\/plugins\/seo\/ -->\n<title>Rem\u00e9ny Nagycsal\u00e1dos Egyes\u00fclet - forraskut.hu<\/title>\n<meta name=\"robots\" content=\"index, follow, max-snippet:-1, max-image-preview:large, max-video-preview:-1\" \/>\n<link rel=\"canonical\" href=\"https:\/\/forraskut.hu\/index.php\/nagycsalados-egyesulet\/\" \/>\n<meta property=\"og:locale\" content=\"hu_HU\" \/>\n<meta property=\"og:type\" content=\"article\" \/>\n<meta property=\"og:title\" content=\"Rem\u00e9ny Nagycsal\u00e1dos Egyes\u00fclet - forraskut.hu\" \/>\n<meta property=\"og:description\" content=\"Az egyes\u00fclet a forr\u00e1sk\u00fati \u00e9s \u00fcll\u00e9si nagycsal\u00e1dosokat seg\u00edti, sz\u00e1mukra szervez gy\u0171jt\u00e9seket, v\u00e1s\u00e1rokat \u00e9s egy\u00e9b, kultur\u00e1lis programokat. Forr\u00e1sk\u00faton a gy\u0171l\u00e9seiket a Jerney J\u00e1nos M\u0171vel\u0151d\u00e9si H\u00e1zban tartj\u00e1k minden h\u00f3nap els\u0151 keddj\u00e9n. Az egyes\u00fclet vezet\u0151je Paragi S\u00e1ndorn\u00e9.\" \/>\n<meta property=\"og:url\" content=\"https:\/\/forraskut.hu\/index.php\/nagycsalados-egyesulet\/\" \/>\n<meta property=\"og:site_name\" content=\"forraskut.hu\" \/>\n<meta property=\"article:modified_time\" content=\"2018-01-17T16:00:56+00:00\" \/>\n<meta name=\"twitter:card\" content=\"summary_large_image\" \/>\n<script type=\"application\/ld+json\" class=\"yoast-schema-graph\">{\"@context\":\"https:\/\/schema.org\",\"@graph\":[{\"@type\":\"WebPage\",\"@id\":\"https:\/\/forraskut.hu\/index.php\/nagycsalados-egyesulet\/\",\"url\":\"https:\/\/forraskut.hu\/index.php\/nagycsalados-egyesulet\/\",\"name\":\"Rem\u00e9ny Nagycsal\u00e1dos Egyes\u00fclet - forraskut.hu\",\"isPartOf\":{\"@id\":\"https:\/\/forraskut.hu\/#website\"},\"datePublished\":\"2018-01-17T16:00:19+00:00\",\"dateModified\":\"2018-01-17T16:00:56+00:00\",\"breadcrumb\":{\"@id\":\"https:\/\/forraskut.hu\/index.php\/nagycsalados-egyesulet\/#breadcrumb\"},\"inLanguage\":\"hu\",\"potentialAction\":[{\"@type\":\"ReadAction\",\"target\":[\"https:\/\/forraskut.hu\/index.php\/nagycsalados-egyesulet\/\"]}]},{\"@type\":\"BreadcrumbList\",\"@id\":\"https:\/\/forraskut.hu\/index.php\/nagycsalados-egyesulet\/#breadcrumb\",\"itemListElement\":[{\"@type\":\"ListItem\",\"position\":1,\"name\":\"Kezd\u0151lap\",\"item\":\"https:\/\/forraskut.hu\/\"},{\"@type\":\"ListItem\",\"position\":2,\"name\":\"Rem\u00e9ny Nagycsal\u00e1dos Egyes\u00fclet\"}]},{\"@type\":\"WebSite\",\"@id\":\"https:\/\/forraskut.hu\/#website\",\"url\":\"https:\/\/forraskut.hu\/\",\"name\":\"forraskut.hu\",\"description\":\"Forr\u00e1sk\u00fat k\u00f6zs\u00e9g hivatalos weboldala\",\"potentialAction\":[{\"@type\":\"SearchAction\",\"target\":{\"@type\":\"EntryPoint\",\"urlTemplate\":\"https:\/\/forraskut.hu\/?s={search_term_string}\"},\"query-input\":{\"@type\":\"PropertyValueSpecification\",\"valueRequired\":true,\"valueName\":\"search_term_string\"}}],\"inLanguage\":\"hu\"}]}<\/script>\n<!-- \/ Yoast SEO plugin. -->","yoast_head_json":{"title":"Rem\u00e9ny Nagycsal\u00e1dos Egyes\u00fclet - forraskut.hu","robots":{"index":"index","follow":"follow","max-snippet":"max-snippet:-1","max-image-preview":"max-image-preview:large","max-video-preview":"max-video-preview:-1"},"canonical":"https:\/\/forraskut.hu\/index.php\/nagycsalados-egyesulet\/","og_locale":"hu_HU","og_type":"article","og_title":"Rem\u00e9ny Nagycsal\u00e1dos Egyes\u00fclet - forraskut.hu","og_description":"Az egyes\u00fclet a forr\u00e1sk\u00fati \u00e9s \u00fcll\u00e9si nagycsal\u00e1dosokat seg\u00edti, sz\u00e1mukra szervez gy\u0171jt\u00e9seket, v\u00e1s\u00e1rokat \u00e9s egy\u00e9b, kultur\u00e1lis programokat. Forr\u00e1sk\u00faton a gy\u0171l\u00e9seiket a Jerney J\u00e1nos M\u0171vel\u0151d\u00e9si H\u00e1zban tartj\u00e1k minden h\u00f3nap els\u0151 keddj\u00e9n. Az egyes\u00fclet vezet\u0151je Paragi S\u00e1ndorn\u00e9.","og_url":"https:\/\/forraskut.hu\/index.php\/nagycsalados-egyesulet\/","og_site_name":"forraskut.hu","article_modified_time":"2018-01-17T16:00:56+00:00","twitter_card":"summary_large_image","schema":{"@context":"https:\/\/schema.org","@graph":[{"@type":"WebPage","@id":"https:\/\/forraskut.hu\/index.php\/nagycsalados-egyesulet\/","url":"https:\/\/forraskut.hu\/index.php\/nagycsalados-egyesulet\/","name":"Rem\u00e9ny Nagycsal\u00e1dos Egyes\u00fclet - forraskut.hu","isPartOf":{"@id":"https:\/\/forraskut.hu\/#website"},"datePublished":"2018-01-17T16:00:19+00:00","dateModified":"2018-01-17T16:00:56+00:00","breadcrumb":{"@id":"https:\/\/forraskut.hu\/index.php\/nagycsalados-egyesulet\/#breadcrumb"},"inLanguage":"hu","potentialAction":[{"@type":"ReadAction","target":["https:\/\/forraskut.hu\/index.php\/nagycsalados-egyesulet\/"]}]},{"@type":"BreadcrumbList","@id":"https:\/\/forraskut.hu\/index.php\/nagycsalados-egyesulet\/#breadcrumb","itemListElement":[{"@type":"ListItem","position":1,"name":"Kezd\u0151lap","item":"https:\/\/forraskut.hu\/"},{"@type":"ListItem","position":2,"name":"Rem\u00e9ny Nagycsal\u00e1dos Egyes\u00fclet"}]},{"@type":"WebSite","@id":"https:\/\/forraskut.hu\/#website","url":"https:\/\/forraskut.hu\/","name":"forraskut.hu","description":"Forr\u00e1sk\u00fat k\u00f6zs\u00e9g hivatalos weboldala","potentialAction":[{"@type":"SearchAction","target":{"@type":"EntryPoint","urlTemplate":"https:\/\/forraskut.hu\/?s={search_term_string}"},"query-input":{"@type":"PropertyValueSpecification","valueRequired":true,"valueName":"search_term_string"}}],"inLanguage":"hu"}]}},"_links":{"self":[{"href":"https:\/\/forraskut.hu\/index.php\/wp-json\/wp\/v2\/pages\/618"}],"collection":[{"href":"https:\/\/forraskut.hu\/index.php\/wp-json\/wp\/v2\/pages"}],"about":[{"href":"https:\/\/forraskut.hu\/index.php\/wp-json\/wp\/v2\/types\/page"}],"author":[{"embeddable":true,"href":"https:\/\/forraskut.hu\/index.php\/wp-json\/wp\/v2\/users\/2"}],"replies":[{"embeddable":true,"href":"https:\/\/forraskut.hu\/index.php\/wp-json\/wp\/v2\/comments?post=618"}],"version-history":[{"count":0,"href":"https:\/\/forraskut.hu\/index.php\/wp-json\/wp\/v2\/pages\/618\/revisions"}],"wp:attachment":[{"href":"https:\/\/forraskut.hu\/index.php\/wp-json\/wp\/v2\/media?parent=618"}],"curies":[{"name":"wp","href":"https:\/\/api.w.org\/{rel}","templated":true}]}}