{"id":449,"date":"2017-11-22T17:43:16","date_gmt":"2017-11-22T16:43:16","guid":{"rendered":"http:\/\/forraskut.hu\/?page_id=449"},"modified":"2025-02-20T11:46:02","modified_gmt":"2025-02-20T10:46:02","slug":"2_13_kozerdeku-adatok-megismeresere-iranyulo-igenyek-intezesenek-rendje","status":"publish","type":"page","link":"https:\/\/forraskut.hu\/index.php\/2_13_kozerdeku-adatok-megismeresere-iranyulo-igenyek-intezesenek-rendje\/","title":{"rendered":"2_13_k\u00f6z\u00e9rdek\u0171 adatok megismer\u00e9s\u00e9re ir\u00e1nyul\u00f3 ig\u00e9nyek int\u00e9z\u00e9s\u00e9nek rendje"},"content":{"rendered":"<p class=\"last-modified\">Utolj\u00e1ra friss\u00edtve:&nbsp;  2025. febru\u00e1r 20.<\/p><p><strong>A k\u00f6z\u00e9rdek\u0171 adatok megismer\u00e9s\u00e9re ir\u00e1nyul\u00f3 ig\u00e9nyek int\u00e9z\u00e9s\u00e9nek rendje, az illet\u00e9kes szervezeti egys\u00e9g neve, el\u00e9rhet\u0151s\u00e9ge, s ahol kijel\u00f6l\u00e9sre ker\u00fcl, az adatv\u00e9delmi felel\u0151s, vagy az inform\u00e1ci\u00f3s jogokkal foglalkoz\u00f3 szem\u00e9ly neve:<\/strong><\/p>\n<p>K\u00f6z\u00e9rdek\u0171 adatok megismer\u00e9s\u00e9nek lehet\u0151s\u00e9g\u00e9r\u0151l felvil\u00e1gos\u00edt\u00e1st dr. Kap\u00e1s Anita jegyz\u0151 ny\u00fajt.<\/p>\n<p><a href=\"https:\/\/forraskut.hu\/wp-content\/uploads\/2021\/09\/kozerdeku-adatok-szab-2016-12-01..pdf\" target=\"_blank\" rel=\"noopener noreferrer\">K\u00f6z\u00e9rdek\u0171 adatok megismer\u00e9si szab\u00e1lyzata<\/a><\/p>\n<p>Inform\u00e1ci\u00f3s jogokkal foglalkoz\u00f3 szem\u00e9ly: dr. Kap\u00e1s Anita jegyz\u0151<\/p>\n<p>Tel: 06-62\/287-222 124-es mell\u00e9k<\/p>\n<p>E-mail: <a href=\"mailto:jegyzo@forraskut.hu\">jegyzo@forraskut.hu<\/a><\/p>\n<p>Adatv\u00e9delmi felel\u0151s: Maxentrop Kft., 7174 K\u00e9ty, Pet\u0151fi u.2\/A<\/p>\n<p>E-mail: <a href=\"mailto:dpo@maxentropia.hu\">dpo@maxentropia.hu<\/a><\/p>\n","protected":false},"excerpt":{"rendered":"<p>Utolj\u00e1ra friss\u00edtve:&nbsp; 2025. febru\u00e1r 20.A k\u00f6z\u00e9rdek\u0171 adatok megismer\u00e9s\u00e9re ir\u00e1nyul\u00f3 ig\u00e9nyek int\u00e9z\u00e9s\u00e9nek rendje, az illet\u00e9kes szervezeti egys\u00e9g neve, el\u00e9rhet\u0151s\u00e9ge, s ahol kijel\u00f6l\u00e9sre ker\u00fcl, az adatv\u00e9delmi felel\u0151s, vagy az inform\u00e1ci\u00f3s jogokkal foglalkoz\u00f3 szem\u00e9ly neve: K\u00f6z\u00e9rdek\u0171 adatok megismer\u00e9s\u00e9nek lehet\u0151s\u00e9g\u00e9r\u0151l felvil\u00e1gos\u00edt\u00e1st dr. Kap\u00e1s Anita jegyz\u0151 ny\u00fajt. K\u00f6z\u00e9rdek\u0171 adatok megismer\u00e9si szab\u00e1lyzata Inform\u00e1ci\u00f3s jogokkal foglalkoz\u00f3 szem\u00e9ly: dr. Kap\u00e1s Anita jegyz\u0151 Tel: [&hellip;]<\/p>\n","protected":false},"author":2,"featured_media":0,"parent":0,"menu_order":0,"comment_status":"closed","ping_status":"closed","template":"","meta":{"_exactmetrics_skip_tracking":false,"_exactmetrics_sitenote_active":false,"_exactmetrics_sitenote_note":"","_exactmetrics_sitenote_category":0,"footnotes":""},"yoast_head":"<!-- This site is optimized with the Yoast SEO plugin v23.4 - https:\/\/yoast.com\/wordpress\/plugins\/seo\/ -->\n<title>2_13_k\u00f6z\u00e9rdek\u0171 adatok megismer\u00e9s\u00e9re ir\u00e1nyul\u00f3 ig\u00e9nyek int\u00e9z\u00e9s\u00e9nek rendje - forraskut.hu<\/title>\n<meta name=\"robots\" content=\"index, follow, max-snippet:-1, max-image-preview:large, max-video-preview:-1\" \/>\n<link rel=\"canonical\" href=\"https:\/\/forraskut.hu\/index.php\/2_13_kozerdeku-adatok-megismeresere-iranyulo-igenyek-intezesenek-rendje\/\" \/>\n<meta property=\"og:locale\" content=\"hu_HU\" \/>\n<meta property=\"og:type\" content=\"article\" \/>\n<meta property=\"og:title\" content=\"2_13_k\u00f6z\u00e9rdek\u0171 adatok megismer\u00e9s\u00e9re ir\u00e1nyul\u00f3 ig\u00e9nyek int\u00e9z\u00e9s\u00e9nek rendje - forraskut.hu\" \/>\n<meta property=\"og:description\" content=\"Utolj\u00e1ra friss\u00edtve:&nbsp; 2025. febru\u00e1r 20.A k\u00f6z\u00e9rdek\u0171 adatok megismer\u00e9s\u00e9re ir\u00e1nyul\u00f3 ig\u00e9nyek int\u00e9z\u00e9s\u00e9nek rendje, az illet\u00e9kes szervezeti egys\u00e9g neve, el\u00e9rhet\u0151s\u00e9ge, s ahol kijel\u00f6l\u00e9sre ker\u00fcl, az adatv\u00e9delmi felel\u0151s, vagy az inform\u00e1ci\u00f3s jogokkal foglalkoz\u00f3 szem\u00e9ly neve: K\u00f6z\u00e9rdek\u0171 adatok megismer\u00e9s\u00e9nek lehet\u0151s\u00e9g\u00e9r\u0151l felvil\u00e1gos\u00edt\u00e1st dr. Kap\u00e1s Anita jegyz\u0151 ny\u00fajt. K\u00f6z\u00e9rdek\u0171 adatok megismer\u00e9si szab\u00e1lyzata Inform\u00e1ci\u00f3s jogokkal foglalkoz\u00f3 szem\u00e9ly: dr. Kap\u00e1s Anita jegyz\u0151 Tel: [&hellip;]\" \/>\n<meta property=\"og:url\" content=\"https:\/\/forraskut.hu\/index.php\/2_13_kozerdeku-adatok-megismeresere-iranyulo-igenyek-intezesenek-rendje\/\" \/>\n<meta property=\"og:site_name\" content=\"forraskut.hu\" \/>\n<meta property=\"article:modified_time\" content=\"2025-02-20T10:46:02+00:00\" \/>\n<meta name=\"twitter:card\" content=\"summary_large_image\" \/>\n<meta name=\"twitter:label1\" content=\"Becs\u00fclt olvas\u00e1si id\u0151\" \/>\n\t<meta name=\"twitter:data1\" content=\"1 perc\" \/>\n<script type=\"application\/ld+json\" class=\"yoast-schema-graph\">{\"@context\":\"https:\/\/schema.org\",\"@graph\":[{\"@type\":\"WebPage\",\"@id\":\"https:\/\/forraskut.hu\/index.php\/2_13_kozerdeku-adatok-megismeresere-iranyulo-igenyek-intezesenek-rendje\/\",\"url\":\"https:\/\/forraskut.hu\/index.php\/2_13_kozerdeku-adatok-megismeresere-iranyulo-igenyek-intezesenek-rendje\/\",\"name\":\"2_13_k\u00f6z\u00e9rdek\u0171 adatok megismer\u00e9s\u00e9re ir\u00e1nyul\u00f3 ig\u00e9nyek int\u00e9z\u00e9s\u00e9nek rendje - forraskut.hu\",\"isPartOf\":{\"@id\":\"https:\/\/forraskut.hu\/#website\"},\"datePublished\":\"2017-11-22T16:43:16+00:00\",\"dateModified\":\"2025-02-20T10:46:02+00:00\",\"breadcrumb\":{\"@id\":\"https:\/\/forraskut.hu\/index.php\/2_13_kozerdeku-adatok-megismeresere-iranyulo-igenyek-intezesenek-rendje\/#breadcrumb\"},\"inLanguage\":\"hu\",\"potentialAction\":[{\"@type\":\"ReadAction\",\"target\":[\"https:\/\/forraskut.hu\/index.php\/2_13_kozerdeku-adatok-megismeresere-iranyulo-igenyek-intezesenek-rendje\/\"]}]},{\"@type\":\"BreadcrumbList\",\"@id\":\"https:\/\/forraskut.hu\/index.php\/2_13_kozerdeku-adatok-megismeresere-iranyulo-igenyek-intezesenek-rendje\/#breadcrumb\",\"itemListElement\":[{\"@type\":\"ListItem\",\"position\":1,\"name\":\"Kezd\u0151lap\",\"item\":\"https:\/\/forraskut.hu\/\"},{\"@type\":\"ListItem\",\"position\":2,\"name\":\"2_13_k\u00f6z\u00e9rdek\u0171 adatok megismer\u00e9s\u00e9re ir\u00e1nyul\u00f3 ig\u00e9nyek int\u00e9z\u00e9s\u00e9nek rendje\"}]},{\"@type\":\"WebSite\",\"@id\":\"https:\/\/forraskut.hu\/#website\",\"url\":\"https:\/\/forraskut.hu\/\",\"name\":\"forraskut.hu\",\"description\":\"Forr\u00e1sk\u00fat k\u00f6zs\u00e9g hivatalos weboldala\",\"potentialAction\":[{\"@type\":\"SearchAction\",\"target\":{\"@type\":\"EntryPoint\",\"urlTemplate\":\"https:\/\/forraskut.hu\/?s={search_term_string}\"},\"query-input\":{\"@type\":\"PropertyValueSpecification\",\"valueRequired\":true,\"valueName\":\"search_term_string\"}}],\"inLanguage\":\"hu\"}]}<\/script>\n<!-- \/ Yoast SEO plugin. -->","yoast_head_json":{"title":"2_13_k\u00f6z\u00e9rdek\u0171 adatok megismer\u00e9s\u00e9re ir\u00e1nyul\u00f3 ig\u00e9nyek int\u00e9z\u00e9s\u00e9nek rendje - forraskut.hu","robots":{"index":"index","follow":"follow","max-snippet":"max-snippet:-1","max-image-preview":"max-image-preview:large","max-video-preview":"max-video-preview:-1"},"canonical":"https:\/\/forraskut.hu\/index.php\/2_13_kozerdeku-adatok-megismeresere-iranyulo-igenyek-intezesenek-rendje\/","og_locale":"hu_HU","og_type":"article","og_title":"2_13_k\u00f6z\u00e9rdek\u0171 adatok megismer\u00e9s\u00e9re ir\u00e1nyul\u00f3 ig\u00e9nyek int\u00e9z\u00e9s\u00e9nek rendje - forraskut.hu","og_description":"Utolj\u00e1ra friss\u00edtve:&nbsp; 2025. febru\u00e1r 20.A k\u00f6z\u00e9rdek\u0171 adatok megismer\u00e9s\u00e9re ir\u00e1nyul\u00f3 ig\u00e9nyek int\u00e9z\u00e9s\u00e9nek rendje, az illet\u00e9kes szervezeti egys\u00e9g neve, el\u00e9rhet\u0151s\u00e9ge, s ahol kijel\u00f6l\u00e9sre ker\u00fcl, az adatv\u00e9delmi felel\u0151s, vagy az inform\u00e1ci\u00f3s jogokkal foglalkoz\u00f3 szem\u00e9ly neve: K\u00f6z\u00e9rdek\u0171 adatok megismer\u00e9s\u00e9nek lehet\u0151s\u00e9g\u00e9r\u0151l felvil\u00e1gos\u00edt\u00e1st dr. Kap\u00e1s Anita jegyz\u0151 ny\u00fajt. K\u00f6z\u00e9rdek\u0171 adatok megismer\u00e9si szab\u00e1lyzata Inform\u00e1ci\u00f3s jogokkal foglalkoz\u00f3 szem\u00e9ly: dr. Kap\u00e1s Anita jegyz\u0151 Tel: [&hellip;]","og_url":"https:\/\/forraskut.hu\/index.php\/2_13_kozerdeku-adatok-megismeresere-iranyulo-igenyek-intezesenek-rendje\/","og_site_name":"forraskut.hu","article_modified_time":"2025-02-20T10:46:02+00:00","twitter_card":"summary_large_image","twitter_misc":{"Becs\u00fclt olvas\u00e1si id\u0151":"1 perc"},"schema":{"@context":"https:\/\/schema.org","@graph":[{"@type":"WebPage","@id":"https:\/\/forraskut.hu\/index.php\/2_13_kozerdeku-adatok-megismeresere-iranyulo-igenyek-intezesenek-rendje\/","url":"https:\/\/forraskut.hu\/index.php\/2_13_kozerdeku-adatok-megismeresere-iranyulo-igenyek-intezesenek-rendje\/","name":"2_13_k\u00f6z\u00e9rdek\u0171 adatok megismer\u00e9s\u00e9re ir\u00e1nyul\u00f3 ig\u00e9nyek int\u00e9z\u00e9s\u00e9nek rendje - forraskut.hu","isPartOf":{"@id":"https:\/\/forraskut.hu\/#website"},"datePublished":"2017-11-22T16:43:16+00:00","dateModified":"2025-02-20T10:46:02+00:00","breadcrumb":{"@id":"https:\/\/forraskut.hu\/index.php\/2_13_kozerdeku-adatok-megismeresere-iranyulo-igenyek-intezesenek-rendje\/#breadcrumb"},"inLanguage":"hu","potentialAction":[{"@type":"ReadAction","target":["https:\/\/forraskut.hu\/index.php\/2_13_kozerdeku-adatok-megismeresere-iranyulo-igenyek-intezesenek-rendje\/"]}]},{"@type":"BreadcrumbList","@id":"https:\/\/forraskut.hu\/index.php\/2_13_kozerdeku-adatok-megismeresere-iranyulo-igenyek-intezesenek-rendje\/#breadcrumb","itemListElement":[{"@type":"ListItem","position":1,"name":"Kezd\u0151lap","item":"https:\/\/forraskut.hu\/"},{"@type":"ListItem","position":2,"name":"2_13_k\u00f6z\u00e9rdek\u0171 adatok megismer\u00e9s\u00e9re ir\u00e1nyul\u00f3 ig\u00e9nyek int\u00e9z\u00e9s\u00e9nek rendje"}]},{"@type":"WebSite","@id":"https:\/\/forraskut.hu\/#website","url":"https:\/\/forraskut.hu\/","name":"forraskut.hu","description":"Forr\u00e1sk\u00fat k\u00f6zs\u00e9g hivatalos weboldala","potentialAction":[{"@type":"SearchAction","target":{"@type":"EntryPoint","urlTemplate":"https:\/\/forraskut.hu\/?s={search_term_string}"},"query-input":{"@type":"PropertyValueSpecification","valueRequired":true,"valueName":"search_term_string"}}],"inLanguage":"hu"}]}},"_links":{"self":[{"href":"https:\/\/forraskut.hu\/index.php\/wp-json\/wp\/v2\/pages\/449"}],"collection":[{"href":"https:\/\/forraskut.hu\/index.php\/wp-json\/wp\/v2\/pages"}],"about":[{"href":"https:\/\/forraskut.hu\/index.php\/wp-json\/wp\/v2\/types\/page"}],"author":[{"embeddable":true,"href":"https:\/\/forraskut.hu\/index.php\/wp-json\/wp\/v2\/users\/2"}],"replies":[{"embeddable":true,"href":"https:\/\/forraskut.hu\/index.php\/wp-json\/wp\/v2\/comments?post=449"}],"version-history":[{"count":3,"href":"https:\/\/forraskut.hu\/index.php\/wp-json\/wp\/v2\/pages\/449\/revisions"}],"predecessor-version":[{"id":3416,"href":"https:\/\/forraskut.hu\/index.php\/wp-json\/wp\/v2\/pages\/449\/revisions\/3416"}],"wp:attachment":[{"href":"https:\/\/forraskut.hu\/index.php\/wp-json\/wp\/v2\/media?parent=449"}],"curies":[{"name":"wp","href":"https:\/\/api.w.org\/{rel}","templated":true}]}}