{"id":441,"date":"2017-11-22T17:37:22","date_gmt":"2017-11-22T16:37:22","guid":{"rendered":"http:\/\/forraskut.hu\/?page_id=441"},"modified":"2026-01-28T13:16:24","modified_gmt":"2026-01-28T12:16:24","slug":"kepviselo-testuleti-anyagok","status":"publish","type":"page","link":"https:\/\/forraskut.hu\/index.php\/kepviselo-testuleti-anyagok\/","title":{"rendered":"K\u00e9pvisel\u0151-test\u00fcleti anyagok"},"content":{"rendered":"<p class=\"last-modified\">Utolj\u00e1ra friss\u00edtve:&nbsp;  2026. janu\u00e1r 28.<\/p><h2>2025. \u00e9v<\/h2>\n<p><a href=\"https:\/\/forraskut.hu\/wp-content\/uploads\/test\u00fcleti%20anyagok\/2025\/20250213_nyilt_jgyzk.pdf\" target=\"_blank\" rel=\"noopener\">2025. febru\u00e1r 13.\u00a0 ny\u00edlt jgyzk.<\/a><\/p>\n<p><a href=\"https:\/\/forraskut.hu\/wp-content\/uploads\/test\u00fcleti%20anyagok\/2025\/20250327_nyilt_jgyzk.pdf\" target=\"_blank\" rel=\"noopener\">2025. m\u00e1rcius 27. ny\u00edlt jgyzk.<\/a><\/p>\n<p><a href=\"https:\/\/forraskut.hu\/wp-content\/uploads\/test\u00fcleti%20anyagok\/2025\/20250529_nyilt_jgyzk.pdf\" target=\"_blank\" rel=\"noopener\">2025. m\u00e1jus 29. ny\u00edlt jgyzk.<\/a><\/p>\n<p><a href=\"https:\/\/forraskut.hu\/wp-content\/uploads\/test\u00fcleti%20anyagok\/2025\/20250626_nyilt_jgyzk_compressed.pdf\" target=\"_blank\" rel=\"noopener\">2025. j\u00fanius 26. ny\u00edlt jgyzk.<\/a><\/p>\n<p><a href=\"https:\/\/forraskut.hu\/wp-content\/uploads\/test\u00fcleti%20anyagok\/2025\/20250724_rendkivuli_jgyzk.pdf\" target=\"_blank\" rel=\"noopener\">2025. j\u00falius 24. rendk\u00edv\u00fcli jgyzk.<\/a><\/p>\n<p><a href=\"https:\/\/forraskut.hu\/wp-content\/uploads\/test\u00fcleti%20anyagok\/2025\/20250925_nyilt_jgyzk.pdf\" target=\"_blank\" rel=\"noopener\">2025. szeptember 25. ny\u00edlt jgyzk.<\/a><\/p>\n<p><a href=\"https:\/\/forraskut.hu\/wp-content\/uploads\/test\u00fcleti%20anyagok\/2025\/20251103_rendkivuli_nyilt_jgyzk.pdf\" target=\"_blank\" rel=\"noopener\">2025. november 3. rendk\u00edv\u00fcli ny\u00edlt jgyzk.<\/a><\/p>\n<p><a href=\"https:\/\/forraskut.hu\/wp-content\/uploads\/test\u00fcleti%20anyagok\/2025\/20251127_nyilt_jgyzk.pdf\" target=\"_blank\" rel=\"noopener\">2025. november 27. ny\u00edlt jgyzk.<\/a><\/p>\n<p><a href=\"https:\/\/forraskut.hu\/wp-content\/uploads\/test\u00fcleti%20anyagok\/2025\/20251127_kozmeghallgatas_jzk.pdf\" target=\"_blank\" rel=\"noopener\">2025. november 27. k\u00f6zmeghallgat\u00e1s jgyzk.<\/a><\/p>\n<p>&nbsp;<\/p>\n<h2>2024. \u00e9v<\/h2>\n<p><a href=\"https:\/\/forraskut.hu\/wp-content\/uploads\/test\u00fcleti%20anyagok\/2024\/20240124_rk_nyilt_jgyzk.pdf\" target=\"_blank\" rel=\"noopener\">2024. janu\u00e1r 24. jgyzk.<\/a><\/p>\n<p><a href=\"https:\/\/forraskut.hu\/wp-content\/uploads\/test\u00fcleti%20anyagok\/2024\/20240215_jgyzk.pdf\" target=\"_blank\" rel=\"noopener\">2024. febru\u00e1r 15. jgyzk.<\/a><\/p>\n<p><a href=\"https:\/\/forraskut.hu\/wp-content\/uploads\/test\u00fcleti%20anyagok\/2024\/20240328_jgyzk.pdf\" target=\"_blank\" rel=\"noopener\">2024. m\u00e1rcius 28. jgyzk.<\/a><\/p>\n<p><a href=\"https:\/\/forraskut.hu\/wp-content\/uploads\/test\u00fcleti%20anyagok\/2024\/20240425_jgyzk.pdf\" target=\"_blank\" rel=\"noopener\">2024. \u00e1prilis 25. jgyzk.<\/a><\/p>\n<p><a href=\"https:\/\/forraskut.hu\/wp-content\/uploads\/test\u00fcleti%20anyagok\/2024\/20240530_jgyzk_kt.pdf\" target=\"_blank\" rel=\"noopener\">2024. m\u00e1jus 30. jgyzk.<\/a><\/p>\n<p><a href=\"https:\/\/forraskut.hu\/wp-content\/uploads\/test\u00fcleti%20anyagok\/2024\/20240626_nyilt_jgyzk.pdf\" target=\"_blank\" rel=\"noopener\">2024. j\u00fanius 26. ny\u00edlt jgyzk.<\/a><\/p>\n<p><a href=\"https:\/\/forraskut.hu\/wp-content\/uploads\/test\u00fcleti%20anyagok\/2024\/20240829_rendkivuli_jgyzk.pdf\" target=\"_blank\" rel=\"noopener\">2024. augusztus 29. rendk\u00edv\u00fcli jgyzk.<\/a><\/p>\n<p><a href=\"https:\/\/forraskut.hu\/wp-content\/uploads\/test\u00fcleti%20anyagok\/2024\/20240926_nyilt_jgyzk.pdf\" target=\"_blank\" rel=\"noopener\">2024. szeptember 26. ny\u00edlt jgyzk.<\/a><\/p>\n<p><a href=\"https:\/\/forraskut.hu\/wp-content\/uploads\/test\u00fcleti%20anyagok\/2024\/20241015_alakulo_jgyzk.pdf\" target=\"_blank\" rel=\"noopener\">2024. okt\u00f3ber 15. alakul\u00f3 jgyzk.<\/a><\/p>\n<p><a href=\"https:\/\/forraskut.hu\/wp-content\/uploads\/test\u00fcleti%20anyagok\/2024\/20241128_nyilt_jgyzk.pdf\" target=\"_blank\" rel=\"noopener\">2024. november 28. ny\u00edlt jgyzk.<\/a><\/p>\n<p><a href=\"https:\/\/forraskut.hu\/wp-content\/uploads\/test\u00fcleti%20anyagok\/2024\/20241128_kozmeghallgatas_jgyzk.pdf\" target=\"_blank\" rel=\"noopener\">2024. november 28. k\u00f6zmeghallgat\u00e1s jgyzk.<\/a><\/p>\n<p><a href=\"https:\/\/forraskut.hu\/wp-content\/uploads\/test\u00fcleti%20anyagok\/2024\/20241220_rendkivuli_jgyzk.pdf\" target=\"_blank\" rel=\"noopener\">2024. december 20. rendk\u00edv\u00fcli jgyzk.<\/a><\/p>\n<h2><\/h2>\n<h2>2023. \u00e9v<\/h2>\n<p><a href=\"https:\/\/forraskut.hu\/wp-content\/uploads\/test\u00fcleti%20anyagok\/2023\/testuleti_20230209_jzk.pdf\" target=\"_blank\" rel=\"noopener noreferrer\">2023. febru\u00e1r 09. jgyzk.<\/a><\/p>\n<p><a href=\"https:\/\/forraskut.hu\/wp-content\/uploads\/test\u00fcleti%20anyagok\/2023\/testuleti_20230330_jzk.pdf\" target=\"_blank\" rel=\"noopener noreferrer\">2023. m\u00e1rcius 30. jgyzk.<\/a><\/p>\n<p><a href=\"https:\/\/forraskut.hu\/wp-content\/uploads\/test\u00fcleti%20anyagok\/2023\/testuleti_20230427_nyilt_jzk.pdf\" target=\"_blank\" rel=\"noopener noreferrer\">2023. \u00e1prilis 27. jgyzk.<\/a><\/p>\n<p><a href=\"https:\/\/forraskut.hu\/wp-content\/uploads\/test\u00fcleti%20anyagok\/2023\/testuleti_20230525_jzk.pdf\" target=\"_blank\" rel=\"noopener noreferrer\">2023. m\u00e1jus 25. jgyzk.<\/a><\/p>\n<p><a href=\"https:\/\/forraskut.hu\/wp-content\/uploads\/test\u00fcleti%20anyagok\/2023\/20230629_nyilt_jgyzk.pdf\" target=\"_blank\" rel=\"noopener\">2023. j\u00fanius 29.\u00a0 jgyzk.<\/a><\/p>\n<p><a href=\"https:\/\/forraskut.hu\/wp-content\/uploads\/test\u00fcleti%20anyagok\/2023\/20230803_rendkivuli_jzk_2023aug.pdf\" target=\"_blank\" rel=\"noopener\">2023. augusztus 3. jgyzk.<\/a><\/p>\n<p><a href=\"https:\/\/forraskut.hu\/wp-content\/uploads\/test\u00fcleti%20anyagok\/2023\/20230928_jzk_2023szept.pdf\" target=\"_blank\" rel=\"noopener\">2023. szeptember 28. jgyzk.<\/a><\/p>\n<p><a href=\"https:\/\/forraskut.hu\/wp-content\/uploads\/test\u00fcleti%20anyagok\/2023\/20231026_jzk_2023okt.pdf\" target=\"_blank\" rel=\"noopener\">2023. okt\u00f3ber 26. jgyzk.<\/a><\/p>\n<p><a href=\"https:\/\/forraskut.hu\/wp-content\/uploads\/test\u00fcleti%20anyagok\/2023\/20231026_kozmeghallgatas_jzk_.pdf\" target=\"_blank\" rel=\"noopener\">2023. okt\u00f3ber 26. k\u00f6zmeghallgat\u00e1s jgyzk.<\/a><\/p>\n<p><a href=\"https:\/\/forraskut.hu\/wp-content\/uploads\/test\u00fcleti%20anyagok\/2023\/20231130_nyilt_jzk.pdf\" target=\"_blank\" rel=\"noopener\">2023. november 30. jgyzk.<\/a><\/p>\n<h2><\/h2>\n<h2>2017. \u00e9v<\/h2>\n<p><a href=\"http:\/\/forraskut.hu\/wp-content\/uploads\/test\u00fcleti%20anyagok\/2017\/2017%20febru\u00e1r%2016%20jgyzk.pdf\" target=\"_blank\" rel=\"noopener noreferrer\">2017. febru\u00e1r 16. jgyzk.<\/a><\/p>\n<p><a href=\"http:\/\/forraskut.hu\/wp-content\/uploads\/test\u00fcleti%20anyagok\/2017\/2017%20m\u00e1rcius%2030%20jgyzk.pdf\" target=\"_blank\" rel=\"noopener noreferrer\">2017. m\u00e1rcius 30. jgyzk.<\/a><\/p>\n<p><a href=\"http:\/\/forraskut.hu\/wp-content\/uploads\/test\u00fcleti%20anyagok\/2017\/2017%20\u00e1prilis%2027%20jgyzk.pdf\" target=\"_blank\" rel=\"noopener noreferrer\">2017. \u00e1prilis 27. jgyzk.<\/a><\/p>\n<p><a href=\"http:\/\/forraskut.hu\/wp-content\/uploads\/test\u00fcleti%20anyagok\/2017\/2017%20m\u00e1jus%2025%20jgyzk.pdf\" target=\"_blank\" rel=\"noopener noreferrer\">2017. m\u00e1jus 25. jgyzk.<\/a><\/p>\n<p><a href=\"http:\/\/forraskut.hu\/wp-content\/uploads\/test\u00fcleti%20anyagok\/2017\/2017%20j\u00fani%2029%20jgyzk.pdf\" target=\"_blank\" rel=\"noopener noreferrer\">2017. j\u00fani. 29. jgyzk.<\/a><\/p>\n<p><a href=\"http:\/\/forraskut.hu\/wp-content\/uploads\/test\u00fcleti%20anyagok\/2017\/2017%20j\u00falius%2017%20jgyzk.pdf\" target=\"_blank\" rel=\"noopener noreferrer\">2017. j\u00falius 17. jgyzk.<\/a><\/p>\n<p><a href=\"http:\/\/forraskut.hu\/wp-content\/uploads\/test\u00fcleti%20anyagok\/2017\/2017%20augusztus%2022%20jgyzk.pdf\" target=\"_blank\" rel=\"noopener noreferrer\">2017. augusztus 22. jgyzk.<\/a><\/p>\n<p><a href=\"http:\/\/forraskut.hu\/wp-content\/uploads\/test\u00fcleti%20anyagok\/2017\/2017%20szept%2028%20jgyzk.pdf\" target=\"_blank\" rel=\"noopener noreferrer\">2017. szept. 28. jgyzk.<\/a><\/p>\n<p><a href=\"http:\/\/forraskut.hu\/wp-content\/uploads\/test\u00fcleti%20anyagok\/2017\/2017%20okt\u00f3ber%2026%20nyilt%20jgyzk.pdf\" target=\"_blank\" rel=\"noopener noreferrer\">2017. okt\u00f3ber 26. nyilt jgyzk.<\/a><\/p>\n<p><a href=\"http:\/\/forraskut.hu\/wp-content\/uploads\/test\u00fcleti%20anyagok\/2017\/2017%20november%2030%20jgyzk.pdf\" target=\"_blank\" rel=\"noopener noreferrer\">2017. november 30. nyilt jgyzk.<\/a><\/p>\n<p>&nbsp;<\/p>\n<h2>2016. \u00e9v<\/h2>\n<p><a href=\"http:\/\/forraskut.hu\/wp-content\/uploads\/test\u00fcleti%20anyagok\/2016\/test\u00fcleti%20jgyzk%202016%20febr18.pdf\" target=\"_blank\" rel=\"noopener noreferrer\">test\u00fcleti jgyzk. 2016. febr. 18.<\/a><\/p>\n<p><a href=\"http:\/\/forraskut.hu\/wp-content\/uploads\/test\u00fcleti%20anyagok\/2016\/test\u00fcleti%20jgyzk%202016%20m\u00e1rc31.pdf\" target=\"_blank\" rel=\"noopener noreferrer\">test\u00fcleti jgyzk. 2016. m\u00e1rc. 31.<\/a><\/p>\n<p><a href=\"http:\/\/forraskut.hu\/wp-content\/uploads\/test\u00fcleti%20anyagok\/2016\/k\u00f6zmeghallgat\u00e1s%20jgyzk%202016%20\u00e1pr14.pdf\" target=\"_blank\" rel=\"noopener noreferrer\">k\u00f6zmeghallgat\u00e1s jgyzk. 2016. \u00e1pr. 14.<\/a><\/p>\n<p><a href=\"http:\/\/forraskut.hu\/wp-content\/uploads\/test\u00fcleti%20anyagok\/2016\/test\u00fcleti%20jgyzk%202016%20\u00e1pr28.pdf\" target=\"_blank\" rel=\"noopener noreferrer\">test\u00fcleti jgyzk\u00a0 2016. \u00e1pr. 28.<\/a><\/p>\n<p><a href=\"http:\/\/forraskut.hu\/wp-content\/uploads\/test\u00fcleti%20anyagok\/2016\/test\u00fcleti%20jgyzk%202016%20m\u00e1j26.pdf\" target=\"_blank\" rel=\"noopener noreferrer\">test\u00fcleti jgyzk. 2016. m\u00e1j. 26.<\/a><\/p>\n<p><a href=\"http:\/\/forraskut.hu\/wp-content\/uploads\/test\u00fcleti%20anyagok\/2016\/test\u00fcleti%20jgyzk%202016%20juni23.pdf\" target=\"_blank\" rel=\"noopener noreferrer\">test\u00fcleti jgyzk. 2016. j\u00fani. 23.<\/a><\/p>\n<p><a href=\"http:\/\/forraskut.hu\/wp-content\/uploads\/test\u00fcleti%20anyagok\/2016\/test\u00fcleti%20rendk\u00edv\u00fcli%20jgyzk%202016%20juli12.pdf\" target=\"_blank\" rel=\"noopener noreferrer\">test\u00fcleti rendk\u00edv\u00fcli jgyzk. 2016. juli. 12.<\/a><\/p>\n<p><a href=\"http:\/\/forraskut.hu\/wp-content\/uploads\/test\u00fcleti%20anyagok\/2016\/test\u00fcleti%20jgyzk%202016%20szept29.pdf\" target=\"_blank\" rel=\"noopener noreferrer\">test\u00fcleti jgyzk. 2016. szept. 29.<\/a><\/p>\n<p><a href=\"http:\/\/forraskut.hu\/wp-content\/uploads\/test\u00fcleti%20anyagok\/2016\/test\u00fcleti%20jgyzk%202016%20okt27.pdf\" target=\"_blank\" rel=\"noopener noreferrer\">test\u00fcleti jgyzk. 2016. okt. 27.<\/a><\/p>\n<p><a href=\"http:\/\/forraskut.hu\/wp-content\/uploads\/test\u00fcleti%20anyagok\/2016\/test\u00fcleti%20jgyzk%202016%20nov24.pdf\" target=\"_blank\" rel=\"noopener noreferrer\">test\u00fcleti jgyzk. 2016. nov. 24.<\/a><\/p>\n<p><a href=\"http:\/\/forraskut.hu\/wp-content\/uploads\/test\u00fcleti%20anyagok\/2016\/test\u00fcleti%20jgyzk%202016%20dec21.pdf\" target=\"_blank\" rel=\"noopener noreferrer\">test\u00fcleti jgyzk. 2016. dec. 21<\/a>.<\/p>\n","protected":false},"excerpt":{"rendered":"<p>Utolj\u00e1ra friss\u00edtve:&nbsp; 2026. janu\u00e1r 28.2025. \u00e9v 2025. febru\u00e1r 13.\u00a0 ny\u00edlt jgyzk. 2025. m\u00e1rcius 27. ny\u00edlt jgyzk. 2025. m\u00e1jus 29. ny\u00edlt jgyzk. 2025. j\u00fanius 26. ny\u00edlt jgyzk. 2025. j\u00falius 24. rendk\u00edv\u00fcli jgyzk. 2025. szeptember 25. ny\u00edlt jgyzk. 2025. november 3. rendk\u00edv\u00fcli ny\u00edlt jgyzk. 2025. november 27. ny\u00edlt jgyzk. 2025. november 27. k\u00f6zmeghallgat\u00e1s jgyzk. &nbsp; 2024. \u00e9v [&hellip;]<\/p>\n","protected":false},"author":2,"featured_media":0,"parent":0,"menu_order":0,"comment_status":"closed","ping_status":"closed","template":"","meta":{"_exactmetrics_skip_tracking":false,"_exactmetrics_sitenote_active":false,"_exactmetrics_sitenote_note":"","_exactmetrics_sitenote_category":0,"footnotes":""},"yoast_head":"<!-- This site is optimized with the Yoast SEO plugin v23.4 - https:\/\/yoast.com\/wordpress\/plugins\/seo\/ -->\n<title>K\u00e9pvisel\u0151-test\u00fcleti anyagok - forraskut.hu<\/title>\n<meta name=\"robots\" content=\"index, follow, max-snippet:-1, max-image-preview:large, max-video-preview:-1\" \/>\n<link rel=\"canonical\" href=\"https:\/\/forraskut.hu\/index.php\/kepviselo-testuleti-anyagok\/\" \/>\n<meta property=\"og:locale\" content=\"hu_HU\" \/>\n<meta property=\"og:type\" content=\"article\" \/>\n<meta property=\"og:title\" content=\"K\u00e9pvisel\u0151-test\u00fcleti anyagok - forraskut.hu\" \/>\n<meta property=\"og:description\" content=\"Utolj\u00e1ra friss\u00edtve:&nbsp; 2026. janu\u00e1r 28.2025. \u00e9v 2025. febru\u00e1r 13.\u00a0 ny\u00edlt jgyzk. 2025. m\u00e1rcius 27. ny\u00edlt jgyzk. 2025. m\u00e1jus 29. ny\u00edlt jgyzk. 2025. j\u00fanius 26. ny\u00edlt jgyzk. 2025. j\u00falius 24. rendk\u00edv\u00fcli jgyzk. 2025. szeptember 25. ny\u00edlt jgyzk. 2025. november 3. rendk\u00edv\u00fcli ny\u00edlt jgyzk. 2025. november 27. ny\u00edlt jgyzk. 2025. november 27. k\u00f6zmeghallgat\u00e1s jgyzk. &nbsp; 2024. \u00e9v [&hellip;]\" \/>\n<meta property=\"og:url\" content=\"https:\/\/forraskut.hu\/index.php\/kepviselo-testuleti-anyagok\/\" \/>\n<meta property=\"og:site_name\" content=\"forraskut.hu\" \/>\n<meta property=\"article:modified_time\" content=\"2026-01-28T12:16:24+00:00\" \/>\n<meta name=\"twitter:card\" content=\"summary_large_image\" \/>\n<meta name=\"twitter:label1\" content=\"Becs\u00fclt olvas\u00e1si id\u0151\" \/>\n\t<meta name=\"twitter:data1\" content=\"2 perc\" \/>\n<script type=\"application\/ld+json\" class=\"yoast-schema-graph\">{\"@context\":\"https:\/\/schema.org\",\"@graph\":[{\"@type\":\"WebPage\",\"@id\":\"https:\/\/forraskut.hu\/index.php\/kepviselo-testuleti-anyagok\/\",\"url\":\"https:\/\/forraskut.hu\/index.php\/kepviselo-testuleti-anyagok\/\",\"name\":\"K\u00e9pvisel\u0151-test\u00fcleti anyagok - forraskut.hu\",\"isPartOf\":{\"@id\":\"https:\/\/forraskut.hu\/#website\"},\"datePublished\":\"2017-11-22T16:37:22+00:00\",\"dateModified\":\"2026-01-28T12:16:24+00:00\",\"breadcrumb\":{\"@id\":\"https:\/\/forraskut.hu\/index.php\/kepviselo-testuleti-anyagok\/#breadcrumb\"},\"inLanguage\":\"hu\",\"potentialAction\":[{\"@type\":\"ReadAction\",\"target\":[\"https:\/\/forraskut.hu\/index.php\/kepviselo-testuleti-anyagok\/\"]}]},{\"@type\":\"BreadcrumbList\",\"@id\":\"https:\/\/forraskut.hu\/index.php\/kepviselo-testuleti-anyagok\/#breadcrumb\",\"itemListElement\":[{\"@type\":\"ListItem\",\"position\":1,\"name\":\"Kezd\u0151lap\",\"item\":\"https:\/\/forraskut.hu\/\"},{\"@type\":\"ListItem\",\"position\":2,\"name\":\"K\u00e9pvisel\u0151-test\u00fcleti anyagok\"}]},{\"@type\":\"WebSite\",\"@id\":\"https:\/\/forraskut.hu\/#website\",\"url\":\"https:\/\/forraskut.hu\/\",\"name\":\"forraskut.hu\",\"description\":\"Forr\u00e1sk\u00fat k\u00f6zs\u00e9g hivatalos weboldala\",\"potentialAction\":[{\"@type\":\"SearchAction\",\"target\":{\"@type\":\"EntryPoint\",\"urlTemplate\":\"https:\/\/forraskut.hu\/?s={search_term_string}\"},\"query-input\":{\"@type\":\"PropertyValueSpecification\",\"valueRequired\":true,\"valueName\":\"search_term_string\"}}],\"inLanguage\":\"hu\"}]}<\/script>\n<!-- \/ Yoast SEO plugin. -->","yoast_head_json":{"title":"K\u00e9pvisel\u0151-test\u00fcleti anyagok - forraskut.hu","robots":{"index":"index","follow":"follow","max-snippet":"max-snippet:-1","max-image-preview":"max-image-preview:large","max-video-preview":"max-video-preview:-1"},"canonical":"https:\/\/forraskut.hu\/index.php\/kepviselo-testuleti-anyagok\/","og_locale":"hu_HU","og_type":"article","og_title":"K\u00e9pvisel\u0151-test\u00fcleti anyagok - forraskut.hu","og_description":"Utolj\u00e1ra friss\u00edtve:&nbsp; 2026. janu\u00e1r 28.2025. \u00e9v 2025. febru\u00e1r 13.\u00a0 ny\u00edlt jgyzk. 2025. m\u00e1rcius 27. ny\u00edlt jgyzk. 2025. m\u00e1jus 29. ny\u00edlt jgyzk. 2025. j\u00fanius 26. ny\u00edlt jgyzk. 2025. j\u00falius 24. rendk\u00edv\u00fcli jgyzk. 2025. szeptember 25. ny\u00edlt jgyzk. 2025. november 3. rendk\u00edv\u00fcli ny\u00edlt jgyzk. 2025. november 27. ny\u00edlt jgyzk. 2025. november 27. k\u00f6zmeghallgat\u00e1s jgyzk. &nbsp; 2024. \u00e9v [&hellip;]","og_url":"https:\/\/forraskut.hu\/index.php\/kepviselo-testuleti-anyagok\/","og_site_name":"forraskut.hu","article_modified_time":"2026-01-28T12:16:24+00:00","twitter_card":"summary_large_image","twitter_misc":{"Becs\u00fclt olvas\u00e1si id\u0151":"2 perc"},"schema":{"@context":"https:\/\/schema.org","@graph":[{"@type":"WebPage","@id":"https:\/\/forraskut.hu\/index.php\/kepviselo-testuleti-anyagok\/","url":"https:\/\/forraskut.hu\/index.php\/kepviselo-testuleti-anyagok\/","name":"K\u00e9pvisel\u0151-test\u00fcleti anyagok - forraskut.hu","isPartOf":{"@id":"https:\/\/forraskut.hu\/#website"},"datePublished":"2017-11-22T16:37:22+00:00","dateModified":"2026-01-28T12:16:24+00:00","breadcrumb":{"@id":"https:\/\/forraskut.hu\/index.php\/kepviselo-testuleti-anyagok\/#breadcrumb"},"inLanguage":"hu","potentialAction":[{"@type":"ReadAction","target":["https:\/\/forraskut.hu\/index.php\/kepviselo-testuleti-anyagok\/"]}]},{"@type":"BreadcrumbList","@id":"https:\/\/forraskut.hu\/index.php\/kepviselo-testuleti-anyagok\/#breadcrumb","itemListElement":[{"@type":"ListItem","position":1,"name":"Kezd\u0151lap","item":"https:\/\/forraskut.hu\/"},{"@type":"ListItem","position":2,"name":"K\u00e9pvisel\u0151-test\u00fcleti anyagok"}]},{"@type":"WebSite","@id":"https:\/\/forraskut.hu\/#website","url":"https:\/\/forraskut.hu\/","name":"forraskut.hu","description":"Forr\u00e1sk\u00fat k\u00f6zs\u00e9g hivatalos weboldala","potentialAction":[{"@type":"SearchAction","target":{"@type":"EntryPoint","urlTemplate":"https:\/\/forraskut.hu\/?s={search_term_string}"},"query-input":{"@type":"PropertyValueSpecification","valueRequired":true,"valueName":"search_term_string"}}],"inLanguage":"hu"}]}},"_links":{"self":[{"href":"https:\/\/forraskut.hu\/index.php\/wp-json\/wp\/v2\/pages\/441"}],"collection":[{"href":"https:\/\/forraskut.hu\/index.php\/wp-json\/wp\/v2\/pages"}],"about":[{"href":"https:\/\/forraskut.hu\/index.php\/wp-json\/wp\/v2\/types\/page"}],"author":[{"embeddable":true,"href":"https:\/\/forraskut.hu\/index.php\/wp-json\/wp\/v2\/users\/2"}],"replies":[{"embeddable":true,"href":"https:\/\/forraskut.hu\/index.php\/wp-json\/wp\/v2\/comments?post=441"}],"version-history":[{"count":35,"href":"https:\/\/forraskut.hu\/index.php\/wp-json\/wp\/v2\/pages\/441\/revisions"}],"predecessor-version":[{"id":3822,"href":"https:\/\/forraskut.hu\/index.php\/wp-json\/wp\/v2\/pages\/441\/revisions\/3822"}],"wp:attachment":[{"href":"https:\/\/forraskut.hu\/index.php\/wp-json\/wp\/v2\/media?parent=441"}],"curies":[{"name":"wp","href":"https:\/\/api.w.org\/{rel}","templated":true}]}}