{"id":396,"date":"2017-11-22T17:13:31","date_gmt":"2017-11-22T16:13:31","guid":{"rendered":"http:\/\/forraskut.hu\/?page_id=396"},"modified":"2018-02-08T12:58:03","modified_gmt":"2018-02-08T11:58:03","slug":"1_2_a-kozfeladatot-ellato-szerv-szervezeti-felepitese-szervezeti-egysegek-megjelolesevel","status":"publish","type":"page","link":"https:\/\/forraskut.hu\/index.php\/1_2_a-kozfeladatot-ellato-szerv-szervezeti-felepitese-szervezeti-egysegek-megjelolesevel\/","title":{"rendered":"1_2_A k\u00f6zfeladatot ell\u00e1t\u00f3 szerv szervezeti fel\u00e9p\u00edt\u00e9se szervezeti egys\u00e9gek megjel\u00f6l\u00e9s\u00e9vel"},"content":{"rendered":"<p class=\"last-modified\">Utolj\u00e1ra friss\u00edtve:&nbsp;  2018. febru\u00e1r 8.<\/p><p><strong>A k\u00f6zfeladatot ell\u00e1t\u00f3 szerv szervezeti fel\u00e9p\u00edt\u00e9se szervezeti egys\u00e9gek megjel\u00f6l\u00e9s\u00e9vel, az egyes szervezeti egys\u00e9gek feladatai:<\/strong><\/p>\n<p>Forr\u00e1sk\u00fat K\u00f6zs\u00e9g \u00d6nkorm\u00e1nyzata szervezeti \u00e1br\u00e1ja<\/p>\n<p><img loading=\"lazy\" decoding=\"async\" class=\"wp-image-1055 aligncenter\" src=\"http:\/\/forraskut.hu\/wp-content\/uploads\/2018\/02\/srvezetia-abra-212x300.jpg\" alt=\"\" width=\"535\" height=\"757\" srcset=\"https:\/\/forraskut.hu\/wp-content\/uploads\/2018\/02\/srvezetia-abra-212x300.jpg 212w, https:\/\/forraskut.hu\/wp-content\/uploads\/2018\/02\/srvezetia-abra.jpg 520w\" sizes=\"(max-width: 535px) 100vw, 535px\" \/><\/p>\n","protected":false},"excerpt":{"rendered":"<p>Utolj\u00e1ra friss\u00edtve:&nbsp; 2018. febru\u00e1r 8.A k\u00f6zfeladatot ell\u00e1t\u00f3 szerv szervezeti fel\u00e9p\u00edt\u00e9se szervezeti egys\u00e9gek megjel\u00f6l\u00e9s\u00e9vel, az egyes szervezeti egys\u00e9gek feladatai: Forr\u00e1sk\u00fat K\u00f6zs\u00e9g \u00d6nkorm\u00e1nyzata szervezeti \u00e1br\u00e1ja<\/p>\n","protected":false},"author":2,"featured_media":0,"parent":0,"menu_order":0,"comment_status":"closed","ping_status":"closed","template":"","meta":{"_exactmetrics_skip_tracking":false,"_exactmetrics_sitenote_active":false,"_exactmetrics_sitenote_note":"","_exactmetrics_sitenote_category":0,"footnotes":""},"yoast_head":"<!-- This site is optimized with the Yoast SEO plugin v23.4 - https:\/\/yoast.com\/wordpress\/plugins\/seo\/ -->\n<title>1_2_A k\u00f6zfeladatot ell\u00e1t\u00f3 szerv szervezeti fel\u00e9p\u00edt\u00e9se szervezeti egys\u00e9gek megjel\u00f6l\u00e9s\u00e9vel - forraskut.hu<\/title>\n<meta name=\"robots\" content=\"index, follow, max-snippet:-1, max-image-preview:large, max-video-preview:-1\" \/>\n<link rel=\"canonical\" href=\"https:\/\/forraskut.hu\/index.php\/1_2_a-kozfeladatot-ellato-szerv-szervezeti-felepitese-szervezeti-egysegek-megjelolesevel\/\" \/>\n<meta property=\"og:locale\" content=\"hu_HU\" \/>\n<meta property=\"og:type\" content=\"article\" \/>\n<meta property=\"og:title\" content=\"1_2_A k\u00f6zfeladatot ell\u00e1t\u00f3 szerv szervezeti fel\u00e9p\u00edt\u00e9se szervezeti egys\u00e9gek megjel\u00f6l\u00e9s\u00e9vel - forraskut.hu\" \/>\n<meta property=\"og:description\" content=\"Utolj\u00e1ra friss\u00edtve:&nbsp; 2018. febru\u00e1r 8.A k\u00f6zfeladatot ell\u00e1t\u00f3 szerv szervezeti fel\u00e9p\u00edt\u00e9se szervezeti egys\u00e9gek megjel\u00f6l\u00e9s\u00e9vel, az egyes szervezeti egys\u00e9gek feladatai: Forr\u00e1sk\u00fat K\u00f6zs\u00e9g \u00d6nkorm\u00e1nyzata szervezeti \u00e1br\u00e1ja\" \/>\n<meta property=\"og:url\" content=\"https:\/\/forraskut.hu\/index.php\/1_2_a-kozfeladatot-ellato-szerv-szervezeti-felepitese-szervezeti-egysegek-megjelolesevel\/\" \/>\n<meta property=\"og:site_name\" content=\"forraskut.hu\" \/>\n<meta property=\"article:modified_time\" content=\"2018-02-08T11:58:03+00:00\" \/>\n<meta property=\"og:image\" content=\"http:\/\/forraskut.hu\/wp-content\/uploads\/2018\/02\/srvezetia-abra-212x300.jpg\" \/>\n<meta name=\"twitter:card\" content=\"summary_large_image\" \/>\n<script type=\"application\/ld+json\" class=\"yoast-schema-graph\">{\"@context\":\"https:\/\/schema.org\",\"@graph\":[{\"@type\":\"WebPage\",\"@id\":\"https:\/\/forraskut.hu\/index.php\/1_2_a-kozfeladatot-ellato-szerv-szervezeti-felepitese-szervezeti-egysegek-megjelolesevel\/\",\"url\":\"https:\/\/forraskut.hu\/index.php\/1_2_a-kozfeladatot-ellato-szerv-szervezeti-felepitese-szervezeti-egysegek-megjelolesevel\/\",\"name\":\"1_2_A k\u00f6zfeladatot ell\u00e1t\u00f3 szerv szervezeti fel\u00e9p\u00edt\u00e9se szervezeti egys\u00e9gek megjel\u00f6l\u00e9s\u00e9vel - forraskut.hu\",\"isPartOf\":{\"@id\":\"https:\/\/forraskut.hu\/#website\"},\"primaryImageOfPage\":{\"@id\":\"https:\/\/forraskut.hu\/index.php\/1_2_a-kozfeladatot-ellato-szerv-szervezeti-felepitese-szervezeti-egysegek-megjelolesevel\/#primaryimage\"},\"image\":{\"@id\":\"https:\/\/forraskut.hu\/index.php\/1_2_a-kozfeladatot-ellato-szerv-szervezeti-felepitese-szervezeti-egysegek-megjelolesevel\/#primaryimage\"},\"thumbnailUrl\":\"http:\/\/forraskut.hu\/wp-content\/uploads\/2018\/02\/srvezetia-abra-212x300.jpg\",\"datePublished\":\"2017-11-22T16:13:31+00:00\",\"dateModified\":\"2018-02-08T11:58:03+00:00\",\"breadcrumb\":{\"@id\":\"https:\/\/forraskut.hu\/index.php\/1_2_a-kozfeladatot-ellato-szerv-szervezeti-felepitese-szervezeti-egysegek-megjelolesevel\/#breadcrumb\"},\"inLanguage\":\"hu\",\"potentialAction\":[{\"@type\":\"ReadAction\",\"target\":[\"https:\/\/forraskut.hu\/index.php\/1_2_a-kozfeladatot-ellato-szerv-szervezeti-felepitese-szervezeti-egysegek-megjelolesevel\/\"]}]},{\"@type\":\"ImageObject\",\"inLanguage\":\"hu\",\"@id\":\"https:\/\/forraskut.hu\/index.php\/1_2_a-kozfeladatot-ellato-szerv-szervezeti-felepitese-szervezeti-egysegek-megjelolesevel\/#primaryimage\",\"url\":\"https:\/\/forraskut.hu\/wp-content\/uploads\/2018\/02\/srvezetia-abra.jpg\",\"contentUrl\":\"https:\/\/forraskut.hu\/wp-content\/uploads\/2018\/02\/srvezetia-abra.jpg\",\"width\":520,\"height\":736},{\"@type\":\"BreadcrumbList\",\"@id\":\"https:\/\/forraskut.hu\/index.php\/1_2_a-kozfeladatot-ellato-szerv-szervezeti-felepitese-szervezeti-egysegek-megjelolesevel\/#breadcrumb\",\"itemListElement\":[{\"@type\":\"ListItem\",\"position\":1,\"name\":\"Kezd\u0151lap\",\"item\":\"https:\/\/forraskut.hu\/\"},{\"@type\":\"ListItem\",\"position\":2,\"name\":\"1_2_A k\u00f6zfeladatot ell\u00e1t\u00f3 szerv szervezeti fel\u00e9p\u00edt\u00e9se szervezeti egys\u00e9gek megjel\u00f6l\u00e9s\u00e9vel\"}]},{\"@type\":\"WebSite\",\"@id\":\"https:\/\/forraskut.hu\/#website\",\"url\":\"https:\/\/forraskut.hu\/\",\"name\":\"forraskut.hu\",\"description\":\"Forr\u00e1sk\u00fat k\u00f6zs\u00e9g hivatalos weboldala\",\"potentialAction\":[{\"@type\":\"SearchAction\",\"target\":{\"@type\":\"EntryPoint\",\"urlTemplate\":\"https:\/\/forraskut.hu\/?s={search_term_string}\"},\"query-input\":{\"@type\":\"PropertyValueSpecification\",\"valueRequired\":true,\"valueName\":\"search_term_string\"}}],\"inLanguage\":\"hu\"}]}<\/script>\n<!-- \/ Yoast SEO plugin. -->","yoast_head_json":{"title":"1_2_A k\u00f6zfeladatot ell\u00e1t\u00f3 szerv szervezeti fel\u00e9p\u00edt\u00e9se szervezeti egys\u00e9gek megjel\u00f6l\u00e9s\u00e9vel - forraskut.hu","robots":{"index":"index","follow":"follow","max-snippet":"max-snippet:-1","max-image-preview":"max-image-preview:large","max-video-preview":"max-video-preview:-1"},"canonical":"https:\/\/forraskut.hu\/index.php\/1_2_a-kozfeladatot-ellato-szerv-szervezeti-felepitese-szervezeti-egysegek-megjelolesevel\/","og_locale":"hu_HU","og_type":"article","og_title":"1_2_A k\u00f6zfeladatot ell\u00e1t\u00f3 szerv szervezeti fel\u00e9p\u00edt\u00e9se szervezeti egys\u00e9gek megjel\u00f6l\u00e9s\u00e9vel - forraskut.hu","og_description":"Utolj\u00e1ra friss\u00edtve:&nbsp; 2018. febru\u00e1r 8.A k\u00f6zfeladatot ell\u00e1t\u00f3 szerv szervezeti fel\u00e9p\u00edt\u00e9se szervezeti egys\u00e9gek megjel\u00f6l\u00e9s\u00e9vel, az egyes szervezeti egys\u00e9gek feladatai: Forr\u00e1sk\u00fat K\u00f6zs\u00e9g \u00d6nkorm\u00e1nyzata szervezeti \u00e1br\u00e1ja","og_url":"https:\/\/forraskut.hu\/index.php\/1_2_a-kozfeladatot-ellato-szerv-szervezeti-felepitese-szervezeti-egysegek-megjelolesevel\/","og_site_name":"forraskut.hu","article_modified_time":"2018-02-08T11:58:03+00:00","og_image":[{"url":"http:\/\/forraskut.hu\/wp-content\/uploads\/2018\/02\/srvezetia-abra-212x300.jpg"}],"twitter_card":"summary_large_image","schema":{"@context":"https:\/\/schema.org","@graph":[{"@type":"WebPage","@id":"https:\/\/forraskut.hu\/index.php\/1_2_a-kozfeladatot-ellato-szerv-szervezeti-felepitese-szervezeti-egysegek-megjelolesevel\/","url":"https:\/\/forraskut.hu\/index.php\/1_2_a-kozfeladatot-ellato-szerv-szervezeti-felepitese-szervezeti-egysegek-megjelolesevel\/","name":"1_2_A k\u00f6zfeladatot ell\u00e1t\u00f3 szerv szervezeti fel\u00e9p\u00edt\u00e9se szervezeti egys\u00e9gek megjel\u00f6l\u00e9s\u00e9vel - forraskut.hu","isPartOf":{"@id":"https:\/\/forraskut.hu\/#website"},"primaryImageOfPage":{"@id":"https:\/\/forraskut.hu\/index.php\/1_2_a-kozfeladatot-ellato-szerv-szervezeti-felepitese-szervezeti-egysegek-megjelolesevel\/#primaryimage"},"image":{"@id":"https:\/\/forraskut.hu\/index.php\/1_2_a-kozfeladatot-ellato-szerv-szervezeti-felepitese-szervezeti-egysegek-megjelolesevel\/#primaryimage"},"thumbnailUrl":"http:\/\/forraskut.hu\/wp-content\/uploads\/2018\/02\/srvezetia-abra-212x300.jpg","datePublished":"2017-11-22T16:13:31+00:00","dateModified":"2018-02-08T11:58:03+00:00","breadcrumb":{"@id":"https:\/\/forraskut.hu\/index.php\/1_2_a-kozfeladatot-ellato-szerv-szervezeti-felepitese-szervezeti-egysegek-megjelolesevel\/#breadcrumb"},"inLanguage":"hu","potentialAction":[{"@type":"ReadAction","target":["https:\/\/forraskut.hu\/index.php\/1_2_a-kozfeladatot-ellato-szerv-szervezeti-felepitese-szervezeti-egysegek-megjelolesevel\/"]}]},{"@type":"ImageObject","inLanguage":"hu","@id":"https:\/\/forraskut.hu\/index.php\/1_2_a-kozfeladatot-ellato-szerv-szervezeti-felepitese-szervezeti-egysegek-megjelolesevel\/#primaryimage","url":"https:\/\/forraskut.hu\/wp-content\/uploads\/2018\/02\/srvezetia-abra.jpg","contentUrl":"https:\/\/forraskut.hu\/wp-content\/uploads\/2018\/02\/srvezetia-abra.jpg","width":520,"height":736},{"@type":"BreadcrumbList","@id":"https:\/\/forraskut.hu\/index.php\/1_2_a-kozfeladatot-ellato-szerv-szervezeti-felepitese-szervezeti-egysegek-megjelolesevel\/#breadcrumb","itemListElement":[{"@type":"ListItem","position":1,"name":"Kezd\u0151lap","item":"https:\/\/forraskut.hu\/"},{"@type":"ListItem","position":2,"name":"1_2_A k\u00f6zfeladatot ell\u00e1t\u00f3 szerv szervezeti fel\u00e9p\u00edt\u00e9se szervezeti egys\u00e9gek megjel\u00f6l\u00e9s\u00e9vel"}]},{"@type":"WebSite","@id":"https:\/\/forraskut.hu\/#website","url":"https:\/\/forraskut.hu\/","name":"forraskut.hu","description":"Forr\u00e1sk\u00fat k\u00f6zs\u00e9g hivatalos weboldala","potentialAction":[{"@type":"SearchAction","target":{"@type":"EntryPoint","urlTemplate":"https:\/\/forraskut.hu\/?s={search_term_string}"},"query-input":{"@type":"PropertyValueSpecification","valueRequired":true,"valueName":"search_term_string"}}],"inLanguage":"hu"}]}},"_links":{"self":[{"href":"https:\/\/forraskut.hu\/index.php\/wp-json\/wp\/v2\/pages\/396"}],"collection":[{"href":"https:\/\/forraskut.hu\/index.php\/wp-json\/wp\/v2\/pages"}],"about":[{"href":"https:\/\/forraskut.hu\/index.php\/wp-json\/wp\/v2\/types\/page"}],"author":[{"embeddable":true,"href":"https:\/\/forraskut.hu\/index.php\/wp-json\/wp\/v2\/users\/2"}],"replies":[{"embeddable":true,"href":"https:\/\/forraskut.hu\/index.php\/wp-json\/wp\/v2\/comments?post=396"}],"version-history":[{"count":0,"href":"https:\/\/forraskut.hu\/index.php\/wp-json\/wp\/v2\/pages\/396\/revisions"}],"wp:attachment":[{"href":"https:\/\/forraskut.hu\/index.php\/wp-json\/wp\/v2\/media?parent=396"}],"curies":[{"name":"wp","href":"https:\/\/api.w.org\/{rel}","templated":true}]}}