{"id":382,"date":"2017-11-22T16:51:45","date_gmt":"2017-11-22T15:51:45","guid":{"rendered":"http:\/\/forraskut.hu\/?page_id=382"},"modified":"2019-01-15T11:45:28","modified_gmt":"2019-01-15T10:45:28","slug":"horgaszto","status":"publish","type":"page","link":"https:\/\/forraskut.hu\/index.php\/horgaszto\/","title":{"rendered":"Forr\u00e1sk\u00fati Horg\u00e1szt\u00f3"},"content":{"rendered":"<p class=\"last-modified\">Utolj\u00e1ra friss\u00edtve:&nbsp;  2019. janu\u00e1r 15.<\/p><p>&nbsp;<\/p>\n<p><a href=\"http:\/\/vimeo.com\/74478685#\" target=\"_blank\" rel=\"noopener\"><img loading=\"lazy\" decoding=\"async\" class=\"size-medium wp-image-729 aligncenter\" src=\"http:\/\/forraskut.hu\/wp-content\/uploads\/2018\/01\/to_1-300x200.jpg\" alt=\"\" width=\"300\" height=\"200\" srcset=\"https:\/\/forraskut.hu\/wp-content\/uploads\/2018\/01\/to_1-300x200.jpg 300w, https:\/\/forraskut.hu\/wp-content\/uploads\/2018\/01\/to_1.jpg 400w\" sizes=\"(max-width: 300px) 100vw, 300px\" \/><\/a><\/p>\n<p><a href=\"http:\/\/vimeo.com\/74478685#\" target=\"_blank\" rel=\"noopener\">A bemutatkoz\u00f3 kisfilm a horg\u00e1szt\u00f3r\u00f3l ITT tekinthet\u0151 meg<\/a><\/p>\n<p>&nbsp;<\/p>\n<p><strong>Tov\u00e1bbi inform\u00e1ci\u00f3: <a href=\"tel:+36306261044\"> 30\/ 626-1044<\/a> , Tapodi S\u00e1ndorn\u00e9 \/\u00fcgyint\u00e9z\u0151<\/strong>\/<\/p>\n<p>Forr\u00e1sk\u00fati-t\u00f3 2012. \u00c1ltal\u00e1nos szab\u00e1lyok:<\/p>\n<p><strong>Ny\u00e1ri nyitva tart\u00e1s<\/strong>:<\/p>\n<p>H\u00e9tf\u0151: sz\u00fcnnap<\/p>\n<p>Kedd-Vas\u00e1rnap: 6-20 \u00f3r\u00e1ig<\/p>\n<p>\u00c9jszakai horg\u00e1szat: P\u00e9ntek, Szombat 20-06 \u00f3r\u00e1g<\/p>\n<p>1. A forr\u00e1sk\u00fati horg\u00e1sztavon csak \u00e9rv\u00e9nyes napijeggyel vagy b\u00e9rlettel szabad horg\u00e1szni. A napijegy \u00e9s b\u00e9rlet a helysz\u00ednen megv\u00e1s\u00e1rolhat\u00f3.<\/p>\n<p style=\"text-align: justify;\">2. Egy napijeggyel csak egy ember horg\u00e1szhat. Horg\u00e1szni 2 db bottal lehet, botonk\u00e9nt maximum 2 db horoggal. A mer\u00edt\u0151 sz\u00e1k, horogszabad\u00edt\u00f3,fert\u0151tlen\u00edt\u0151 spray, pontymatrac haszn\u00e1lata k\u00f6telez\u0151. A horg\u00e1sz csak az elvinni k\u00edv\u00e1nt halat helyezheti a haltart\u00f3j\u00e1ba. A tart\u00f3sz\u00e1kba betett halat el kell vinni, a cser\u00e9lget\u00e9s tilos, ak\u00e1r k\u00e9s\u0151bb kifogott halra, ak\u00e1r egym\u00e1s k\u00f6z\u00f6tt. K\u00e9rj\u00fck, hogy a kifogott halat k\u00edm\u00e9letesen engedj\u00e9k vissza! A gondos elj\u00e1r\u00e1s ellen\u00e9re is megs\u00e9r\u00fclt halakat (pl. m\u00e9lyre nyelt horog) meg kell tartani vagy le kell adni.<\/p>\n<p>3. 14 \u00e9ven aluli gyermekek csak sz\u00fcl\u0151i fel\u00fcgyelettel l\u00e9phetnek be a horg\u00e1szt\u00f3 ter\u00fclet\u00e9re \u00e9s egy bottal, egy horoggal horg\u00e1szhatnak.<\/p>\n<p style=\"text-align: justify;\">4. A parton a horg\u00e1szhelyeket \u00e9rkez\u00e9si sorrendben lehet elfoglalni. Sz\u00e1ll\u00f3vend\u00e9geink r\u00e9sz\u00e9re ig\u00e9ny eset\u00e9n, az itt tart\u00f3zkod\u00e1suk alatt \u00e1lland\u00f3 horg\u00e1szhelyet biztos\u00edtunk. Horg\u00e1szati lehet\u0151s\u00e9g a tavon, csak az \u00fczemeltet\u0151 \u00e1ltal kijel\u00f6lt horg\u00e1szhelyen enged\u00e9lyezett.<\/p>\n<p style=\"text-align: justify;\">5. Az \u00e9ves b\u00e9rletjegy \u00e9s napijegyes horg\u00e1szat eset\u00e9n, amennyiben a hal elvitelre ker\u00fcl &#8211; a hal kifog\u00e1s\u00e1nak pontos idej\u00e9t, s\u00faly\u00e1t \u00e9s m\u00e9ret\u00e9t a b\u00e9rletf\u00fczet, ill. napijegy erre kijel\u00f6lt r\u00e9sz\u00e9ben a kifog\u00e1st k\u00f6vet\u0151en azonnal dokument\u00e1lni kell. A hal\u0151r ezt horg\u00e1szat k\u00f6zben folyamatosan ellen\u0151rizheti! A horg\u00e1szat befejez\u00e9s\u00e9t k\u00f6vet\u0151en a b\u00e9rletf\u00fczetet \u00e9s a napijegyet k\u00e9rj\u00fck a hal\u0151rh\u00e1zban leadni!<\/p>\n<p>Tilt\u00f3 rendszab\u00e1lyok:<\/p>\n<p>1. A 4kg feletti halak \u00e9s a teljes comp\u00f3 \u00e1llom\u00e1ny helyileg v\u00e9dettek, azokat kifog\u00e1suk ut\u00e1n k\u00e9rj\u00fck, k\u00edm\u00e9letesen engedj\u00e9k vissza a t\u00f3ba!<\/p>\n<p>3. A hal eltulajdon\u00edt\u00e1sa automatikusan hat\u00f3s\u00e1gi feljelent\u00e9st, illetve kitilt\u00e1st von maga ut\u00e1n.<\/p>\n<p>4. K\u00e9rj\u00fck, hogy v\u00e9dj\u00e9k a v\u00edzi \u00e9s v\u00edzparti n\u00f6v\u00e9nyzetet \u00e9s a partv\u00e9delmi l\u00e9tes\u00edtm\u00e9nyeket!<\/p>\n<p>5. K\u00e9rj\u00fck \u00d6n\u00f6ket, hogy a horg\u00e1szhely\u00fck tiszt\u00e1ntart\u00e1s\u00e1r\u00f3l gondoskodjanak!<\/p>\n<p>6. A v\u00edz min\u0151s\u00e9g\u00e9nek v\u00e9delme \u00e9rdek\u00e9ben tilos minden olyan anyag v\u00edzbe juttat\u00e1sa, amely a v\u00edz min\u0151s\u00e9g\u00e9t rontja (pl. m\u00e9rgez, oxig\u00e9nt von el, a fen\u00e9ken erjed, rothad stb.)!<\/p>\n<p>7. Szigor\u00faan Tilos b\u00e1rmilyen, nem a Forr\u00e1sk\u00fati-t\u00f3b\u00f3l kifogott hal betelep\u00edt\u00e9se, v\u00edzbe helyez\u00e9se!<\/p>\n<p>8. A t\u00f3parton k\u00falt\u00far\u00e1ltan kell viselkedni \u00fagy, hogy a t\u00f6bbi horg\u00e1szt \u00e9s pihenni v\u00e1gy\u00f3t ne zavarj\u00e1k.<\/p>\n<p>9. Ittas szem\u00e9lyeknek tilos a horg\u00e1szat!<\/p>\n<p>10. A horg\u00e1szt\u00f3 eg\u00e9sz ter\u00fclet\u00e9n f\u00fcr\u00f6dni tilos!<\/p>\n<p>11. Cs\u00f3nak haszn\u00e1lata nem enged\u00e9lyezett!<\/p>\n<p>12. A ter\u00fcletre kuty\u00e1t, macsk\u00e1t, b\u00e1rmif\u00e9le h\u00e1zi\u00e1llatot bevinni kiz\u00e1r\u00f3lag a t\u00f3gazda enged\u00e9ly\u00e9vel, m\u00e1sok zavar\u00e1sa n\u00e9lk\u00fcl lehet.<\/p>\n<p>13. A t\u00f3 ter\u00fclet\u00e9n elhelyezett t\u00e1rgyak\u00e9rt, horg\u00e1szfelszerel\u00e9sek\u00e9rt, a horg\u00e1szokn\u00e1l lev\u0151 \u00e9rt\u00e9kek\u00e9rt a tulajdonos felel\u0151ss\u00e9get nem v\u00e1llal.<\/p>\n<p>14. A v\u00edzparton csak az arra kijel\u00f6lt, vagy ki\u00e9p\u00edtett helyen lehet t\u00fczet rakni, f\u0151zni, s\u00fctni.<\/p>\n<p>15. S\u00e1torozni csak a kijel\u00f6lt helyeken a t\u00f3gazda enged\u00e9ly\u00e9vel lehet.<\/p>\n<p style=\"text-align: justify;\">16. Tov\u00e1bbi esetleges id\u0151szakos rendszab\u00e1lyokr\u00f3l, m\u00e9retkorl\u00e1toz\u00e1sokr\u00f3l, b\u00e9rlet \u00e9s a napi hal\u00e1rakr\u00f3l stb. a tulajdonos, a t\u00f3 ter\u00fclet\u00e9n elhelyezett hirdet\u0151t\u00e1bl\u00e1n, valamint a jegy\u00e1rak men\u00fcpont alatt t\u00e1j\u00e9koztatja a Tisztelt l\u00e1togat\u00f3kat.<\/p>\n<p>17. A fenti szab\u00e1lyok megszeg\u00e9se azonnali kitilt\u00e1st eredm\u00e9nyezhet.<\/p>\n<p>18. A horg\u00e1sz, az \u00e1ltala okozott k\u00e1rt teljes m\u00e9rt\u00e9kben k\u00f6teles a tulajdonosnak megt\u00e9r\u00edteni.<\/p>\n<p>19. A b\u00e9rlet \u00e9s napijegy megv\u00e1s\u00e1rl\u00e1s\u00e1val a horg\u00e1sz a fenti felt\u00e9teleket elfogadja \u00e9s k\u00f6teles azokat marad\u00e9ktalanul betartani.<\/p>\n<p>K\u00e9r\u00e9s\u00e9vel, k\u00e9rd\u00e9s\u00e9vel forduljon a t\u00f3gazd\u00e1hoz, k\u00e9szs\u00e9ggel \u00e1llunk rendelkez\u00e9s\u00e9re!<\/p>\n<p>Horg\u00e1sz \u00e1rak<\/p>\n<p style=\"text-align: justify;\">Tisztelt Vend\u00e9geink! Jegy\u00e1rainkat \u00fagy pr\u00f3b\u00e1ltuk kialak\u00edtani, hogy a lehet\u0151 legsz\u00e9lesebb v\u00e1laszt\u00e9kot k\u00edn\u00e1ljuk fel, \u00e9s minden idel\u00e1togat\u00f3 tal\u00e1lja meg a sz\u00e1m\u00e1ra legmegfelel\u0151bb megold\u00e1st. Ez\u00e9rt a sporthorg\u00e1szjegy mellett, a napijegyet v\u00e1lt\u00f3 horg\u00e1szok hal elvitel\u00e9re is jogosultak a jegy \u00e1r\u00e1ban. Az ifj\u00fas\u00e1gi \u00e9s gyermek horg\u00e1szokra is gondoltunk akkor, amikor m\u00e9rs\u00e9kelt jegy\u00e1rakat alak\u00edtottunk ki r\u00e9sz\u00fckre. A rendszeresen tavunkra l\u00e1togat\u00f3 horg\u00e1szt\u00e1rsaknak b\u00e9rlet v\u00e1s\u00e1rl\u00e1s\u00e1ra is ny\u00edlik lehet\u0151s\u00e9g.<\/p>\n<p><strong>\u00c1raink<\/strong>:<\/p>\n<p>SPORTHORG\u00c1SZJEGY<\/p>\n<p>Feln\u0151tt (18 \u00e9ves kor felett) 1600.- Ft<\/p>\n<p>Ifj\u00fas\u00e1gi (14-18 \u00e9ves korig) 1000.- Ft<\/p>\n<p>Gyermek (14 \u00e9ves kor alatt, hozz\u00e1tartoz\u00f3 feln\u0151tt fel\u00fcgyelete mellett) 800.- Ft<\/p>\n<p>Hal elvitel\u00e9re a sporthorg\u00e1szjegy nem jogos\u00edt fel, a kifogott hal visszaengedhet\u0151 vagy a kif\u00fcggesztett \u00e1ron megv\u00e1s\u00e1rolhat\u00f3.<\/p>\n<p>HALAS NAPIJEGY<\/p>\n<p>Feln\u0151tt &#8211; Elvihet\u0151: 4 kg nemes hal \u00e9s 2 kg egy\u00e9b hal. 3600.- Ft<\/p>\n<p>Ifj\u00fas\u00e1gi &#8211; Elvihet\u0151: 2,5 kg nemes hal \u00e9s 2 kg egy\u00e9b hal. 2000.- Ft<\/p>\n<p>A sporthorg\u00e1szjegy, illetve napijegy napi egyszeri bel\u00e9p\u00e9sre a v\u00e1lt\u00e1s napj\u00e1n \u00e9rv\u00e9nyes!<\/p>\n<p>SPORTHORG\u00c1SZ B\u00c9RLET<\/p>\n<p>Feln\u0151tt &#8211; A b\u00e9rlet hal elvitel\u00e9re nem jogos\u00edt fel. 12 h\u00f3napig \u00e9rv\u00e9nyes 20.000.- Ft\/ 15 alkalom<\/p>\n<p>Hal elvitel\u00e9re a sporthorg\u00e1sz b\u00e9rlet nem jogos\u00edt fel, a kifogott hal visszaengedhet\u0151 vagy a kif\u00fcggesztett \u00e1ron megv\u00e1s\u00e1rolhat\u00f3.<\/p>\n<p>\u00c9VES B\u00c9RLETJEGY<\/p>\n<p>Feln\u0151tt &#8211; korl\u00e1tlan sportol\u00e1si lehet\u0151s\u00e9g \u00e9s elvihet\u0151: 25 kg nemes hal \u00e9s 10kg egy\u00e9b hal. 40.000.- Ft<\/p>\n<p>BEL\u00c9P\u0150JEGY<\/p>\n<p>Feln\u0151tt<\/p>\n<p style=\"text-align: justify;\">B\u00e1rmilyen horg\u00e1szjegyet \u00e9s b\u00e9rletet v\u00e1lt\u00f3 feln\u0151tt szem\u00e9ly jegy\u00e1r\u00e1ban, tov\u00e1bbi 1 f\u0151 feln\u0151tt k\u00eds\u00e9r\u0151 \u00e9s 2 f\u0151 gyermek bel\u00e9p\u00e9se ingyenes, mely horg\u00e1szatra nem, csak bel\u00e9p\u00e9sre jogos\u00edt. Tov\u00e1bbi nem horg\u00e1sz\u00f3 szem\u00e9lyek bel\u00e9p\u00e9sekor, bel\u00e9p\u0151jegyet kell v\u00e1ltani. 300.- Ft A bel\u00e9p\u0151jegy horg\u00e1szatra nem, de a t\u00f3 l\u00e9tes\u00edtm\u00e9nyeinek haszn\u00e1lat\u00e1ra feljogos\u00edt. (p\u00e9ld\u00e1ul f\u0151z\u0151-s\u00fct\u0151helyek \/t\u00fczel\u0151 megv\u00e1s\u00e1rl\u00e1sa eset\u00e9n\/, j\u00e1tsz\u00f3t\u00e9r, sportl\u00e9tes\u00edtm\u00e9nyek, illemhely, zuhanyz\u00f3, parkol\u00f3, stb.).<\/p>\n<p>24\u00d3R\u00c1S JEGY -3800Ft\/f\u0151<\/p>\n<p>\u00c9JSZAKAI HORG\u00c1SZAT<\/p>\n<p>El\u0151zetes egyeztet\u00e9s alapj\u00e1n lehets\u00e9ges bejelentkez\u00e9s alapj\u00e1n telefonon vagy szem\u00e9lyesen! \u00c9jszakai p\u00f3tjegy 1000Ft. Tel: 30\/626-1044<\/p>\n<p style=\"text-align: justify;\">\u00c9jszakai sporthorg\u00e1szjegy is v\u00e1lthat\u00f3, mely hal elvitel\u00e9re nem jogos\u00edt fel. Az \u00e9jszakai horg\u00e1szat a nappali nyitva tart\u00e1s v\u00e9g\u00e9t\u0151l, m\u00e1snap reggel 06.00-ig tart. B\u00e1rmilyen nappali horg\u00e1szjegyet, vagy b\u00e9rletet v\u00e1lt\u00f3 horg\u00e1sz r\u00e9sz\u00e9re, azon a napon, biztos\u00edtjuk a kedvezm\u00e9nyes \u00e9jszakai horg\u00e1szat lehet\u0151s\u00e9g\u00e9t. Az elvihet\u0151 halak maxim\u00e1lis s\u00falya 4kg\/db lehet, az afeletti halakat a t\u00f3ba k\u00edm\u00e9letesen vissza kell engedni. A haltart\u00f3ba ker\u00fclt halat meg kell tartani, azt cser\u00e9lgetni Tilos! Fontos szab\u00e1ly, hogy a hal kifog\u00e1s\u00e1nak pontos idej\u00e9t, s\u00faly\u00e1t \u00e9s m\u00e9ret\u00e9t a b\u00e9rletf\u00fczet \u00e9s napijegy erre kijel\u00f6lt r\u00e9sz\u00e9ben a kifog\u00e1st k\u00f6vet\u0151en azonnal dokument\u00e1lni kell, a hal\u0151r ezt horg\u00e1szat k\u00f6zben folyamatosan ellen\u0151rizheti! A horg\u00e1szat befejez\u00e9s\u00e9t k\u00f6vet\u0151en a jegyet \u00e9s b\u00e9rletf\u00fczetet k\u00e9rj\u00fck a hal\u0151rn\u00e9l leadni!<\/p>\n<p><strong>Hal\u00e1rak<\/strong><\/p>\n<p>Ponty 950.- Ft\/kg<\/p>\n<p>Amur 950.- Ft\/kg<\/p>\n<p>S\u00fcll\u0151, csuka 1200.- Ft\/kg<\/p>\n<p>Keszegf\u00e9le 650.- Ft\/kg<\/p>\n<p>K\u00e1r\u00e1sz 650.- Ft\/kg<\/p>\n<p><strong>4kg feletti hal nem vihet\u0151 el<\/strong>!<\/p>\n<p>Egy\u00e9b szolg\u00e1ltat\u00e1sok:<\/p>\n<p style=\"text-align: justify;\">Vend\u00e9gsz\u00e1ll\u00e1s, Horg\u00e1sz felszerel\u00e9sek, etet\u0151anyagok, horgok, zsin\u00f3rok, csali anyagok \u00e9rt\u00e9kes\u00edt\u00e9se, B\u00fcf\u00e9, Szabadt\u00e9ri zuhanyz\u00f3, J\u00e1tsz\u00f3t\u00e9r , Es\u0151be\u00e1ll\u00f3k , B\u00e9rletv\u00e1lt\u00e1si lehet\u0151s\u00e9g , Ny\u00fajtott nyitvatart\u00e1si id\u0151 , Grillez\u0151, f\u0151z\u0151helyek , Kiskocsik, Parkol\u00f3<\/p>\n<p><img loading=\"lazy\" decoding=\"async\" class=\"size-medium wp-image-728 aligncenter\" src=\"http:\/\/forraskut.hu\/wp-content\/uploads\/2018\/01\/to_2-300x178.jpg\" alt=\"\" width=\"300\" height=\"178\" srcset=\"https:\/\/forraskut.hu\/wp-content\/uploads\/2018\/01\/to_2-300x178.jpg 300w, https:\/\/forraskut.hu\/wp-content\/uploads\/2018\/01\/to_2.jpg 400w\" sizes=\"(max-width: 300px) 100vw, 300px\" \/><\/p>\n","protected":false},"excerpt":{"rendered":"<p>Utolj\u00e1ra friss\u00edtve:&nbsp; 2019. janu\u00e1r 15.&nbsp; A bemutatkoz\u00f3 kisfilm a horg\u00e1szt\u00f3r\u00f3l ITT tekinthet\u0151 meg &nbsp; Tov\u00e1bbi inform\u00e1ci\u00f3: 30\/ 626-1044 , Tapodi S\u00e1ndorn\u00e9 \/\u00fcgyint\u00e9z\u0151\/ Forr\u00e1sk\u00fati-t\u00f3 2012. \u00c1ltal\u00e1nos szab\u00e1lyok: Ny\u00e1ri nyitva tart\u00e1s: H\u00e9tf\u0151: sz\u00fcnnap Kedd-Vas\u00e1rnap: 6-20 \u00f3r\u00e1ig \u00c9jszakai horg\u00e1szat: P\u00e9ntek, Szombat 20-06 \u00f3r\u00e1g 1. A forr\u00e1sk\u00fati horg\u00e1sztavon csak \u00e9rv\u00e9nyes napijeggyel vagy b\u00e9rlettel szabad horg\u00e1szni. A napijegy \u00e9s b\u00e9rlet [&hellip;]<\/p>\n","protected":false},"author":2,"featured_media":0,"parent":0,"menu_order":0,"comment_status":"closed","ping_status":"closed","template":"","meta":{"_exactmetrics_skip_tracking":false,"_exactmetrics_sitenote_active":false,"_exactmetrics_sitenote_note":"","_exactmetrics_sitenote_category":0,"footnotes":""},"yoast_head":"<!-- This site is optimized with the Yoast SEO plugin v23.4 - https:\/\/yoast.com\/wordpress\/plugins\/seo\/ -->\n<title>Forr\u00e1sk\u00fati Horg\u00e1szt\u00f3 - forraskut.hu<\/title>\n<meta name=\"robots\" content=\"index, follow, max-snippet:-1, max-image-preview:large, max-video-preview:-1\" \/>\n<link rel=\"canonical\" href=\"https:\/\/forraskut.hu\/index.php\/horgaszto\/\" \/>\n<meta property=\"og:locale\" content=\"hu_HU\" \/>\n<meta property=\"og:type\" content=\"article\" \/>\n<meta property=\"og:title\" content=\"Forr\u00e1sk\u00fati Horg\u00e1szt\u00f3 - forraskut.hu\" \/>\n<meta property=\"og:description\" content=\"Utolj\u00e1ra friss\u00edtve:&nbsp; 2019. janu\u00e1r 15.&nbsp; A bemutatkoz\u00f3 kisfilm a horg\u00e1szt\u00f3r\u00f3l ITT tekinthet\u0151 meg &nbsp; Tov\u00e1bbi inform\u00e1ci\u00f3: 30\/ 626-1044 , Tapodi S\u00e1ndorn\u00e9 \/\u00fcgyint\u00e9z\u0151\/ Forr\u00e1sk\u00fati-t\u00f3 2012. \u00c1ltal\u00e1nos szab\u00e1lyok: Ny\u00e1ri nyitva tart\u00e1s: H\u00e9tf\u0151: sz\u00fcnnap Kedd-Vas\u00e1rnap: 6-20 \u00f3r\u00e1ig \u00c9jszakai horg\u00e1szat: P\u00e9ntek, Szombat 20-06 \u00f3r\u00e1g 1. A forr\u00e1sk\u00fati horg\u00e1sztavon csak \u00e9rv\u00e9nyes napijeggyel vagy b\u00e9rlettel szabad horg\u00e1szni. A napijegy \u00e9s b\u00e9rlet [&hellip;]\" \/>\n<meta property=\"og:url\" content=\"https:\/\/forraskut.hu\/index.php\/horgaszto\/\" \/>\n<meta property=\"og:site_name\" content=\"forraskut.hu\" \/>\n<meta property=\"article:modified_time\" content=\"2019-01-15T10:45:28+00:00\" \/>\n<meta property=\"og:image\" content=\"http:\/\/forraskut.hu\/wp-content\/uploads\/2018\/01\/to_1-300x200.jpg\" \/>\n<meta name=\"twitter:card\" content=\"summary_large_image\" \/>\n<meta name=\"twitter:label1\" content=\"Becs\u00fclt olvas\u00e1si id\u0151\" \/>\n\t<meta name=\"twitter:data1\" content=\"7 perc\" \/>\n<script type=\"application\/ld+json\" class=\"yoast-schema-graph\">{\"@context\":\"https:\/\/schema.org\",\"@graph\":[{\"@type\":\"WebPage\",\"@id\":\"https:\/\/forraskut.hu\/index.php\/horgaszto\/\",\"url\":\"https:\/\/forraskut.hu\/index.php\/horgaszto\/\",\"name\":\"Forr\u00e1sk\u00fati Horg\u00e1szt\u00f3 - forraskut.hu\",\"isPartOf\":{\"@id\":\"https:\/\/forraskut.hu\/#website\"},\"primaryImageOfPage\":{\"@id\":\"https:\/\/forraskut.hu\/index.php\/horgaszto\/#primaryimage\"},\"image\":{\"@id\":\"https:\/\/forraskut.hu\/index.php\/horgaszto\/#primaryimage\"},\"thumbnailUrl\":\"http:\/\/forraskut.hu\/wp-content\/uploads\/2018\/01\/to_1-300x200.jpg\",\"datePublished\":\"2017-11-22T15:51:45+00:00\",\"dateModified\":\"2019-01-15T10:45:28+00:00\",\"breadcrumb\":{\"@id\":\"https:\/\/forraskut.hu\/index.php\/horgaszto\/#breadcrumb\"},\"inLanguage\":\"hu\",\"potentialAction\":[{\"@type\":\"ReadAction\",\"target\":[\"https:\/\/forraskut.hu\/index.php\/horgaszto\/\"]}]},{\"@type\":\"ImageObject\",\"inLanguage\":\"hu\",\"@id\":\"https:\/\/forraskut.hu\/index.php\/horgaszto\/#primaryimage\",\"url\":\"https:\/\/forraskut.hu\/wp-content\/uploads\/2018\/01\/to_1.jpg\",\"contentUrl\":\"https:\/\/forraskut.hu\/wp-content\/uploads\/2018\/01\/to_1.jpg\",\"width\":400,\"height\":267},{\"@type\":\"BreadcrumbList\",\"@id\":\"https:\/\/forraskut.hu\/index.php\/horgaszto\/#breadcrumb\",\"itemListElement\":[{\"@type\":\"ListItem\",\"position\":1,\"name\":\"Kezd\u0151lap\",\"item\":\"https:\/\/forraskut.hu\/\"},{\"@type\":\"ListItem\",\"position\":2,\"name\":\"Forr\u00e1sk\u00fati Horg\u00e1szt\u00f3\"}]},{\"@type\":\"WebSite\",\"@id\":\"https:\/\/forraskut.hu\/#website\",\"url\":\"https:\/\/forraskut.hu\/\",\"name\":\"forraskut.hu\",\"description\":\"Forr\u00e1sk\u00fat k\u00f6zs\u00e9g hivatalos weboldala\",\"potentialAction\":[{\"@type\":\"SearchAction\",\"target\":{\"@type\":\"EntryPoint\",\"urlTemplate\":\"https:\/\/forraskut.hu\/?s={search_term_string}\"},\"query-input\":{\"@type\":\"PropertyValueSpecification\",\"valueRequired\":true,\"valueName\":\"search_term_string\"}}],\"inLanguage\":\"hu\"}]}<\/script>\n<!-- \/ Yoast SEO plugin. -->","yoast_head_json":{"title":"Forr\u00e1sk\u00fati Horg\u00e1szt\u00f3 - forraskut.hu","robots":{"index":"index","follow":"follow","max-snippet":"max-snippet:-1","max-image-preview":"max-image-preview:large","max-video-preview":"max-video-preview:-1"},"canonical":"https:\/\/forraskut.hu\/index.php\/horgaszto\/","og_locale":"hu_HU","og_type":"article","og_title":"Forr\u00e1sk\u00fati Horg\u00e1szt\u00f3 - forraskut.hu","og_description":"Utolj\u00e1ra friss\u00edtve:&nbsp; 2019. janu\u00e1r 15.&nbsp; A bemutatkoz\u00f3 kisfilm a horg\u00e1szt\u00f3r\u00f3l ITT tekinthet\u0151 meg &nbsp; Tov\u00e1bbi inform\u00e1ci\u00f3: 30\/ 626-1044 , Tapodi S\u00e1ndorn\u00e9 \/\u00fcgyint\u00e9z\u0151\/ Forr\u00e1sk\u00fati-t\u00f3 2012. \u00c1ltal\u00e1nos szab\u00e1lyok: Ny\u00e1ri nyitva tart\u00e1s: H\u00e9tf\u0151: sz\u00fcnnap Kedd-Vas\u00e1rnap: 6-20 \u00f3r\u00e1ig \u00c9jszakai horg\u00e1szat: P\u00e9ntek, Szombat 20-06 \u00f3r\u00e1g 1. A forr\u00e1sk\u00fati horg\u00e1sztavon csak \u00e9rv\u00e9nyes napijeggyel vagy b\u00e9rlettel szabad horg\u00e1szni. A napijegy \u00e9s b\u00e9rlet [&hellip;]","og_url":"https:\/\/forraskut.hu\/index.php\/horgaszto\/","og_site_name":"forraskut.hu","article_modified_time":"2019-01-15T10:45:28+00:00","og_image":[{"url":"http:\/\/forraskut.hu\/wp-content\/uploads\/2018\/01\/to_1-300x200.jpg"}],"twitter_card":"summary_large_image","twitter_misc":{"Becs\u00fclt olvas\u00e1si id\u0151":"7 perc"},"schema":{"@context":"https:\/\/schema.org","@graph":[{"@type":"WebPage","@id":"https:\/\/forraskut.hu\/index.php\/horgaszto\/","url":"https:\/\/forraskut.hu\/index.php\/horgaszto\/","name":"Forr\u00e1sk\u00fati Horg\u00e1szt\u00f3 - forraskut.hu","isPartOf":{"@id":"https:\/\/forraskut.hu\/#website"},"primaryImageOfPage":{"@id":"https:\/\/forraskut.hu\/index.php\/horgaszto\/#primaryimage"},"image":{"@id":"https:\/\/forraskut.hu\/index.php\/horgaszto\/#primaryimage"},"thumbnailUrl":"http:\/\/forraskut.hu\/wp-content\/uploads\/2018\/01\/to_1-300x200.jpg","datePublished":"2017-11-22T15:51:45+00:00","dateModified":"2019-01-15T10:45:28+00:00","breadcrumb":{"@id":"https:\/\/forraskut.hu\/index.php\/horgaszto\/#breadcrumb"},"inLanguage":"hu","potentialAction":[{"@type":"ReadAction","target":["https:\/\/forraskut.hu\/index.php\/horgaszto\/"]}]},{"@type":"ImageObject","inLanguage":"hu","@id":"https:\/\/forraskut.hu\/index.php\/horgaszto\/#primaryimage","url":"https:\/\/forraskut.hu\/wp-content\/uploads\/2018\/01\/to_1.jpg","contentUrl":"https:\/\/forraskut.hu\/wp-content\/uploads\/2018\/01\/to_1.jpg","width":400,"height":267},{"@type":"BreadcrumbList","@id":"https:\/\/forraskut.hu\/index.php\/horgaszto\/#breadcrumb","itemListElement":[{"@type":"ListItem","position":1,"name":"Kezd\u0151lap","item":"https:\/\/forraskut.hu\/"},{"@type":"ListItem","position":2,"name":"Forr\u00e1sk\u00fati Horg\u00e1szt\u00f3"}]},{"@type":"WebSite","@id":"https:\/\/forraskut.hu\/#website","url":"https:\/\/forraskut.hu\/","name":"forraskut.hu","description":"Forr\u00e1sk\u00fat k\u00f6zs\u00e9g hivatalos weboldala","potentialAction":[{"@type":"SearchAction","target":{"@type":"EntryPoint","urlTemplate":"https:\/\/forraskut.hu\/?s={search_term_string}"},"query-input":{"@type":"PropertyValueSpecification","valueRequired":true,"valueName":"search_term_string"}}],"inLanguage":"hu"}]}},"_links":{"self":[{"href":"https:\/\/forraskut.hu\/index.php\/wp-json\/wp\/v2\/pages\/382"}],"collection":[{"href":"https:\/\/forraskut.hu\/index.php\/wp-json\/wp\/v2\/pages"}],"about":[{"href":"https:\/\/forraskut.hu\/index.php\/wp-json\/wp\/v2\/types\/page"}],"author":[{"embeddable":true,"href":"https:\/\/forraskut.hu\/index.php\/wp-json\/wp\/v2\/users\/2"}],"replies":[{"embeddable":true,"href":"https:\/\/forraskut.hu\/index.php\/wp-json\/wp\/v2\/comments?post=382"}],"version-history":[{"count":2,"href":"https:\/\/forraskut.hu\/index.php\/wp-json\/wp\/v2\/pages\/382\/revisions"}],"predecessor-version":[{"id":1421,"href":"https:\/\/forraskut.hu\/index.php\/wp-json\/wp\/v2\/pages\/382\/revisions\/1421"}],"wp:attachment":[{"href":"https:\/\/forraskut.hu\/index.php\/wp-json\/wp\/v2\/media?parent=382"}],"curies":[{"name":"wp","href":"https:\/\/api.w.org\/{rel}","templated":true}]}}