{"id":3247,"date":"2024-08-27T15:22:50","date_gmt":"2024-08-27T14:22:50","guid":{"rendered":"https:\/\/forraskut.hu\/?page_id=3247"},"modified":"2024-09-27T07:20:05","modified_gmt":"2024-09-27T06:20:05","slug":"onkormanyzati-tulajdonu-ingatlanok-fejlesztese-onkormanyzati-feladatellatashoz-kapcsolodo-beszerzesek","status":"publish","type":"page","link":"https:\/\/forraskut.hu\/index.php\/onkormanyzati-tulajdonu-ingatlanok-fejlesztese-onkormanyzati-feladatellatashoz-kapcsolodo-beszerzesek\/","title":{"rendered":"Fogorvosi alapell\u00e1t\u00e1s fejleszt\u00e9se Forr\u00e1sk\u00faton"},"content":{"rendered":"<p class=\"last-modified\">Utolj\u00e1ra friss\u00edtve:&nbsp;  2024. szeptember 27.<\/p><p><strong>Magyar Falu Program <\/strong><strong><em>\u201e\u00d6nkorm\u00e1nyzati tulajdon\u00fa ingatlanok <\/em><\/strong><strong><em>fejleszt\u00e9se, \u00f6nkorm\u00e1nyzati <\/em><\/strong><strong><em>feladatell\u00e1t\u00e1shoz kapcsol\u00f3d\u00f3 beszerz\u00e9sek\u201d<\/em><\/strong><strong> c\u00edm\u0171, <\/strong><strong>MFP-\u00d6TIFB\/2024 k\u00f3dsz\u00e1m\u00fa <\/strong><strong>p\u00e1ly\u00e1zati ki\u00edr\u00e1s keret\u00e9ben elnyert t\u00e1mogat\u00e1s<\/strong><\/p>\n<p>Kedvezm\u00e9nyezett neve: Forr\u00e1sk\u00fat K\u00f6zs\u00e9g \u00d6nkorm\u00e1nyzata<img loading=\"lazy\" decoding=\"async\" class=\"alignleft wp-image-3309 size-thumbnail\" src=\"https:\/\/forraskut.hu\/wp-content\/uploads\/2024\/09\/MFP_logo_RGB-150x150.jpg\" alt=\"\" width=\"150\" height=\"150\" \/><a href=\"https:\/\/forraskut.hu\/wp-content\/uploads\/2024\/08\/fogorvos-scaled.jpeg\"><img loading=\"lazy\" decoding=\"async\" class=\"alignright wp-image-3248 size-medium\" src=\"https:\/\/forraskut.hu\/wp-content\/uploads\/2024\/08\/fogorvos-225x300.jpeg\" alt=\"\" width=\"225\" height=\"300\" srcset=\"https:\/\/forraskut.hu\/wp-content\/uploads\/2024\/08\/fogorvos-225x300.jpeg 225w, https:\/\/forraskut.hu\/wp-content\/uploads\/2024\/08\/fogorvos-768x1024.jpeg 768w, https:\/\/forraskut.hu\/wp-content\/uploads\/2024\/08\/fogorvos-1152x1536.jpeg 1152w, https:\/\/forraskut.hu\/wp-content\/uploads\/2024\/08\/fogorvos-1536x2048.jpeg 1536w, https:\/\/forraskut.hu\/wp-content\/uploads\/2024\/08\/fogorvos-scaled.jpeg 1920w\" sizes=\"(max-width: 225px) 100vw, 225px\" \/><\/a><\/p>\n<p>A Projekt neve: Fogorvosi alapell\u00e1t\u00e1s fejleszt\u00e9se Forr\u00e1sk\u00faton<\/p>\n<p>A Magyar Falu program keret\u00e9ben elnyert t\u00e1mogat\u00e1s \u00f6sszege: 5.999.999,- Ft<\/p>\n<p>T\u00e1mogat\u00e1s elnyer\u00e9s\u00e9nek \u00e9ve: 2024.<\/p>\n<p style=\"text-align: justify;\">Projekt\u00fcnk c\u00e9lja a fogorvosi alapell\u00e1t\u00e1s fejleszt\u00e9se, a k\u00f6zfeladat hat\u00e9kony ell\u00e1t\u00e1s\u00e1hoz sz\u00fcks\u00e9ges eszk\u00f6z, fogorvosi kezel\u0151sz\u00e9k beszerz\u00e9se. Ezen alapvet\u0151 szolg\u00e1ltat\u00e1s sz\u00ednvonal\u00e1nak emel\u00e9se hozz\u00e1j\u00e1rul a telep\u00fcl\u00e9s n\u00e9pess\u00e9gmegtart\u00f3 \u00e9s n\u00e9pess\u00e9gn\u00f6vel\u0151 erej\u00e9nek fokoz\u00e1s\u00e1hoz, valamint az itt \u00e9l\u0151k \u00e9letmin\u0151s\u00e9g\u00e9nek jav\u00edt\u00e1s\u00e1hoz.\u00a0 A projekt illeszkedik a Magyar Falu Program c\u00e9lkit\u0171z\u00e9seihez, az MFP\/\u00d6TIFB\/2024\/EKB\/ k\u00f3dsz\u00e1m\u00fa kateg\u00f3ria 2.1. pontj\u00e1ban foglalt \u00f6n\u00e1ll\u00f3an t\u00e1mogathat\u00f3 tev\u00e9kenys\u00e9gekhez, valamint a beszerzend\u0151 fogorvosi kezel\u0151sz\u00e9k szerepel a p\u00e1ly\u00e1zati felh\u00edv\u00e1s 9. sz\u00e1m\u00fa mell\u00e9klet\u00e9ben. Projekt\u00fcnk az eg\u00e9szs\u00e9g\u00fcgyi ell\u00e1t\u00f3rendszer fejleszt\u00e9s\u00e9t szolg\u00e1lja, az eg\u00e9szs\u00e9g\u00fcgyi alapell\u00e1t\u00e1si rendszer eredm\u00e9nyess\u00e9g\u00e9nek \u00e9s hat\u00e9konys\u00e1g\u00e1nak jav\u00edt\u00e1s\u00e1t, a fogorvosi alapell\u00e1t\u00e1s szolg\u00e1ltat\u00e1sainak \u00e9s infrastruktur\u00e1lis felt\u00e9teleinek korszer\u0171s\u00edt\u00e9s\u00e9t, a hozz\u00e1f\u00e9r\u00e9s egyenl\u0151tlens\u00e9geinek m\u00e9rs\u00e9kl\u00e9s\u00e9t. A fogorvosi kezel\u0151sz\u00e9k a m\u0171k\u00f6d\u00e9si enged\u00e9lyben \u00e9s a NEAK finansz\u00edroz\u00e1si szerz\u0151d\u00e9sben foglalt tev\u00e9kenys\u00e9gek v\u00e9gz\u00e9s\u00e9hez sz\u00fcks\u00e9ges, a fogorvosi eg\u00e9szs\u00e9g\u00fcgyi alapell\u00e1t\u00e1s biztos\u00edt\u00e1s\u00e1hoz elengedhetetlen, jogszab\u00e1lyban meghat\u00e1rozott, a p\u00e1ly\u00e1zati ki\u00edr\u00e1s szerinti t\u00e1rgyi szakmai minimumfelt\u00e9tel k\u00f6r\u00e9be tartoz\u00f3 eszk\u00f6z. A beszerzend\u0151 eszk\u00f6z a feladatell\u00e1t\u00e1sok sz\u00ednvonal\u00e1t emelni fogja.<\/p>\n<p>&nbsp;<\/p>\n","protected":false},"excerpt":{"rendered":"<p>Utolj\u00e1ra friss\u00edtve:&nbsp; 2024. szeptember 27.Magyar Falu Program \u201e\u00d6nkorm\u00e1nyzati tulajdon\u00fa ingatlanok fejleszt\u00e9se, \u00f6nkorm\u00e1nyzati feladatell\u00e1t\u00e1shoz kapcsol\u00f3d\u00f3 beszerz\u00e9sek\u201d c\u00edm\u0171, MFP-\u00d6TIFB\/2024 k\u00f3dsz\u00e1m\u00fa p\u00e1ly\u00e1zati ki\u00edr\u00e1s keret\u00e9ben elnyert t\u00e1mogat\u00e1s Kedvezm\u00e9nyezett neve: Forr\u00e1sk\u00fat K\u00f6zs\u00e9g \u00d6nkorm\u00e1nyzata A Projekt neve: Fogorvosi alapell\u00e1t\u00e1s fejleszt\u00e9se Forr\u00e1sk\u00faton A Magyar Falu program keret\u00e9ben elnyert t\u00e1mogat\u00e1s \u00f6sszege: 5.999.999,- Ft T\u00e1mogat\u00e1s elnyer\u00e9s\u00e9nek \u00e9ve: 2024. Projekt\u00fcnk c\u00e9lja a fogorvosi alapell\u00e1t\u00e1s fejleszt\u00e9se, [&hellip;]<\/p>\n","protected":false},"author":2,"featured_media":0,"parent":0,"menu_order":0,"comment_status":"closed","ping_status":"closed","template":"","meta":{"_exactmetrics_skip_tracking":false,"_exactmetrics_sitenote_active":false,"_exactmetrics_sitenote_note":"","_exactmetrics_sitenote_category":0,"footnotes":""},"yoast_head":"<!-- This site is optimized with the Yoast SEO plugin v23.4 - https:\/\/yoast.com\/wordpress\/plugins\/seo\/ -->\n<title>Fogorvosi alapell\u00e1t\u00e1s fejleszt\u00e9se Forr\u00e1sk\u00faton - forraskut.hu<\/title>\n<meta name=\"robots\" content=\"index, follow, max-snippet:-1, max-image-preview:large, max-video-preview:-1\" \/>\n<link rel=\"canonical\" href=\"https:\/\/forraskut.hu\/index.php\/onkormanyzati-tulajdonu-ingatlanok-fejlesztese-onkormanyzati-feladatellatashoz-kapcsolodo-beszerzesek\/\" \/>\n<meta property=\"og:locale\" content=\"hu_HU\" \/>\n<meta property=\"og:type\" content=\"article\" \/>\n<meta property=\"og:title\" content=\"Fogorvosi alapell\u00e1t\u00e1s fejleszt\u00e9se Forr\u00e1sk\u00faton - forraskut.hu\" \/>\n<meta property=\"og:description\" content=\"Utolj\u00e1ra friss\u00edtve:&nbsp; 2024. szeptember 27.Magyar Falu Program \u201e\u00d6nkorm\u00e1nyzati tulajdon\u00fa ingatlanok fejleszt\u00e9se, \u00f6nkorm\u00e1nyzati feladatell\u00e1t\u00e1shoz kapcsol\u00f3d\u00f3 beszerz\u00e9sek\u201d c\u00edm\u0171, MFP-\u00d6TIFB\/2024 k\u00f3dsz\u00e1m\u00fa p\u00e1ly\u00e1zati ki\u00edr\u00e1s keret\u00e9ben elnyert t\u00e1mogat\u00e1s Kedvezm\u00e9nyezett neve: Forr\u00e1sk\u00fat K\u00f6zs\u00e9g \u00d6nkorm\u00e1nyzata A Projekt neve: Fogorvosi alapell\u00e1t\u00e1s fejleszt\u00e9se Forr\u00e1sk\u00faton A Magyar Falu program keret\u00e9ben elnyert t\u00e1mogat\u00e1s \u00f6sszege: 5.999.999,- Ft T\u00e1mogat\u00e1s elnyer\u00e9s\u00e9nek \u00e9ve: 2024. Projekt\u00fcnk c\u00e9lja a fogorvosi alapell\u00e1t\u00e1s fejleszt\u00e9se, [&hellip;]\" \/>\n<meta property=\"og:url\" content=\"https:\/\/forraskut.hu\/index.php\/onkormanyzati-tulajdonu-ingatlanok-fejlesztese-onkormanyzati-feladatellatashoz-kapcsolodo-beszerzesek\/\" \/>\n<meta property=\"og:site_name\" content=\"forraskut.hu\" \/>\n<meta property=\"article:modified_time\" content=\"2024-09-27T06:20:05+00:00\" \/>\n<meta property=\"og:image\" content=\"https:\/\/forraskut.hu\/wp-content\/uploads\/2024\/09\/MFP_logo_RGB-150x150.jpg\" \/>\n<meta name=\"twitter:card\" content=\"summary_large_image\" \/>\n<meta name=\"twitter:label1\" content=\"Becs\u00fclt olvas\u00e1si id\u0151\" \/>\n\t<meta name=\"twitter:data1\" content=\"2 perc\" \/>\n<script type=\"application\/ld+json\" class=\"yoast-schema-graph\">{\"@context\":\"https:\/\/schema.org\",\"@graph\":[{\"@type\":\"WebPage\",\"@id\":\"https:\/\/forraskut.hu\/index.php\/onkormanyzati-tulajdonu-ingatlanok-fejlesztese-onkormanyzati-feladatellatashoz-kapcsolodo-beszerzesek\/\",\"url\":\"https:\/\/forraskut.hu\/index.php\/onkormanyzati-tulajdonu-ingatlanok-fejlesztese-onkormanyzati-feladatellatashoz-kapcsolodo-beszerzesek\/\",\"name\":\"Fogorvosi alapell\u00e1t\u00e1s fejleszt\u00e9se Forr\u00e1sk\u00faton - forraskut.hu\",\"isPartOf\":{\"@id\":\"https:\/\/forraskut.hu\/#website\"},\"primaryImageOfPage\":{\"@id\":\"https:\/\/forraskut.hu\/index.php\/onkormanyzati-tulajdonu-ingatlanok-fejlesztese-onkormanyzati-feladatellatashoz-kapcsolodo-beszerzesek\/#primaryimage\"},\"image\":{\"@id\":\"https:\/\/forraskut.hu\/index.php\/onkormanyzati-tulajdonu-ingatlanok-fejlesztese-onkormanyzati-feladatellatashoz-kapcsolodo-beszerzesek\/#primaryimage\"},\"thumbnailUrl\":\"https:\/\/forraskut.hu\/wp-content\/uploads\/2024\/09\/MFP_logo_RGB-150x150.jpg\",\"datePublished\":\"2024-08-27T14:22:50+00:00\",\"dateModified\":\"2024-09-27T06:20:05+00:00\",\"breadcrumb\":{\"@id\":\"https:\/\/forraskut.hu\/index.php\/onkormanyzati-tulajdonu-ingatlanok-fejlesztese-onkormanyzati-feladatellatashoz-kapcsolodo-beszerzesek\/#breadcrumb\"},\"inLanguage\":\"hu\",\"potentialAction\":[{\"@type\":\"ReadAction\",\"target\":[\"https:\/\/forraskut.hu\/index.php\/onkormanyzati-tulajdonu-ingatlanok-fejlesztese-onkormanyzati-feladatellatashoz-kapcsolodo-beszerzesek\/\"]}]},{\"@type\":\"ImageObject\",\"inLanguage\":\"hu\",\"@id\":\"https:\/\/forraskut.hu\/index.php\/onkormanyzati-tulajdonu-ingatlanok-fejlesztese-onkormanyzati-feladatellatashoz-kapcsolodo-beszerzesek\/#primaryimage\",\"url\":\"https:\/\/forraskut.hu\/wp-content\/uploads\/2024\/09\/MFP_logo_RGB.jpg\",\"contentUrl\":\"https:\/\/forraskut.hu\/wp-content\/uploads\/2024\/09\/MFP_logo_RGB.jpg\",\"width\":1240,\"height\":1754},{\"@type\":\"BreadcrumbList\",\"@id\":\"https:\/\/forraskut.hu\/index.php\/onkormanyzati-tulajdonu-ingatlanok-fejlesztese-onkormanyzati-feladatellatashoz-kapcsolodo-beszerzesek\/#breadcrumb\",\"itemListElement\":[{\"@type\":\"ListItem\",\"position\":1,\"name\":\"Kezd\u0151lap\",\"item\":\"https:\/\/forraskut.hu\/\"},{\"@type\":\"ListItem\",\"position\":2,\"name\":\"Fogorvosi alapell\u00e1t\u00e1s fejleszt\u00e9se Forr\u00e1sk\u00faton\"}]},{\"@type\":\"WebSite\",\"@id\":\"https:\/\/forraskut.hu\/#website\",\"url\":\"https:\/\/forraskut.hu\/\",\"name\":\"forraskut.hu\",\"description\":\"Forr\u00e1sk\u00fat k\u00f6zs\u00e9g hivatalos weboldala\",\"potentialAction\":[{\"@type\":\"SearchAction\",\"target\":{\"@type\":\"EntryPoint\",\"urlTemplate\":\"https:\/\/forraskut.hu\/?s={search_term_string}\"},\"query-input\":{\"@type\":\"PropertyValueSpecification\",\"valueRequired\":true,\"valueName\":\"search_term_string\"}}],\"inLanguage\":\"hu\"}]}<\/script>\n<!-- \/ Yoast SEO plugin. -->","yoast_head_json":{"title":"Fogorvosi alapell\u00e1t\u00e1s fejleszt\u00e9se Forr\u00e1sk\u00faton - forraskut.hu","robots":{"index":"index","follow":"follow","max-snippet":"max-snippet:-1","max-image-preview":"max-image-preview:large","max-video-preview":"max-video-preview:-1"},"canonical":"https:\/\/forraskut.hu\/index.php\/onkormanyzati-tulajdonu-ingatlanok-fejlesztese-onkormanyzati-feladatellatashoz-kapcsolodo-beszerzesek\/","og_locale":"hu_HU","og_type":"article","og_title":"Fogorvosi alapell\u00e1t\u00e1s fejleszt\u00e9se Forr\u00e1sk\u00faton - forraskut.hu","og_description":"Utolj\u00e1ra friss\u00edtve:&nbsp; 2024. szeptember 27.Magyar Falu Program \u201e\u00d6nkorm\u00e1nyzati tulajdon\u00fa ingatlanok fejleszt\u00e9se, \u00f6nkorm\u00e1nyzati feladatell\u00e1t\u00e1shoz kapcsol\u00f3d\u00f3 beszerz\u00e9sek\u201d c\u00edm\u0171, MFP-\u00d6TIFB\/2024 k\u00f3dsz\u00e1m\u00fa p\u00e1ly\u00e1zati ki\u00edr\u00e1s keret\u00e9ben elnyert t\u00e1mogat\u00e1s Kedvezm\u00e9nyezett neve: Forr\u00e1sk\u00fat K\u00f6zs\u00e9g \u00d6nkorm\u00e1nyzata A Projekt neve: Fogorvosi alapell\u00e1t\u00e1s fejleszt\u00e9se Forr\u00e1sk\u00faton A Magyar Falu program keret\u00e9ben elnyert t\u00e1mogat\u00e1s \u00f6sszege: 5.999.999,- Ft T\u00e1mogat\u00e1s elnyer\u00e9s\u00e9nek \u00e9ve: 2024. Projekt\u00fcnk c\u00e9lja a fogorvosi alapell\u00e1t\u00e1s fejleszt\u00e9se, [&hellip;]","og_url":"https:\/\/forraskut.hu\/index.php\/onkormanyzati-tulajdonu-ingatlanok-fejlesztese-onkormanyzati-feladatellatashoz-kapcsolodo-beszerzesek\/","og_site_name":"forraskut.hu","article_modified_time":"2024-09-27T06:20:05+00:00","og_image":[{"url":"https:\/\/forraskut.hu\/wp-content\/uploads\/2024\/09\/MFP_logo_RGB-150x150.jpg"}],"twitter_card":"summary_large_image","twitter_misc":{"Becs\u00fclt olvas\u00e1si id\u0151":"2 perc"},"schema":{"@context":"https:\/\/schema.org","@graph":[{"@type":"WebPage","@id":"https:\/\/forraskut.hu\/index.php\/onkormanyzati-tulajdonu-ingatlanok-fejlesztese-onkormanyzati-feladatellatashoz-kapcsolodo-beszerzesek\/","url":"https:\/\/forraskut.hu\/index.php\/onkormanyzati-tulajdonu-ingatlanok-fejlesztese-onkormanyzati-feladatellatashoz-kapcsolodo-beszerzesek\/","name":"Fogorvosi alapell\u00e1t\u00e1s fejleszt\u00e9se Forr\u00e1sk\u00faton - forraskut.hu","isPartOf":{"@id":"https:\/\/forraskut.hu\/#website"},"primaryImageOfPage":{"@id":"https:\/\/forraskut.hu\/index.php\/onkormanyzati-tulajdonu-ingatlanok-fejlesztese-onkormanyzati-feladatellatashoz-kapcsolodo-beszerzesek\/#primaryimage"},"image":{"@id":"https:\/\/forraskut.hu\/index.php\/onkormanyzati-tulajdonu-ingatlanok-fejlesztese-onkormanyzati-feladatellatashoz-kapcsolodo-beszerzesek\/#primaryimage"},"thumbnailUrl":"https:\/\/forraskut.hu\/wp-content\/uploads\/2024\/09\/MFP_logo_RGB-150x150.jpg","datePublished":"2024-08-27T14:22:50+00:00","dateModified":"2024-09-27T06:20:05+00:00","breadcrumb":{"@id":"https:\/\/forraskut.hu\/index.php\/onkormanyzati-tulajdonu-ingatlanok-fejlesztese-onkormanyzati-feladatellatashoz-kapcsolodo-beszerzesek\/#breadcrumb"},"inLanguage":"hu","potentialAction":[{"@type":"ReadAction","target":["https:\/\/forraskut.hu\/index.php\/onkormanyzati-tulajdonu-ingatlanok-fejlesztese-onkormanyzati-feladatellatashoz-kapcsolodo-beszerzesek\/"]}]},{"@type":"ImageObject","inLanguage":"hu","@id":"https:\/\/forraskut.hu\/index.php\/onkormanyzati-tulajdonu-ingatlanok-fejlesztese-onkormanyzati-feladatellatashoz-kapcsolodo-beszerzesek\/#primaryimage","url":"https:\/\/forraskut.hu\/wp-content\/uploads\/2024\/09\/MFP_logo_RGB.jpg","contentUrl":"https:\/\/forraskut.hu\/wp-content\/uploads\/2024\/09\/MFP_logo_RGB.jpg","width":1240,"height":1754},{"@type":"BreadcrumbList","@id":"https:\/\/forraskut.hu\/index.php\/onkormanyzati-tulajdonu-ingatlanok-fejlesztese-onkormanyzati-feladatellatashoz-kapcsolodo-beszerzesek\/#breadcrumb","itemListElement":[{"@type":"ListItem","position":1,"name":"Kezd\u0151lap","item":"https:\/\/forraskut.hu\/"},{"@type":"ListItem","position":2,"name":"Fogorvosi alapell\u00e1t\u00e1s fejleszt\u00e9se Forr\u00e1sk\u00faton"}]},{"@type":"WebSite","@id":"https:\/\/forraskut.hu\/#website","url":"https:\/\/forraskut.hu\/","name":"forraskut.hu","description":"Forr\u00e1sk\u00fat k\u00f6zs\u00e9g hivatalos weboldala","potentialAction":[{"@type":"SearchAction","target":{"@type":"EntryPoint","urlTemplate":"https:\/\/forraskut.hu\/?s={search_term_string}"},"query-input":{"@type":"PropertyValueSpecification","valueRequired":true,"valueName":"search_term_string"}}],"inLanguage":"hu"}]}},"_links":{"self":[{"href":"https:\/\/forraskut.hu\/index.php\/wp-json\/wp\/v2\/pages\/3247"}],"collection":[{"href":"https:\/\/forraskut.hu\/index.php\/wp-json\/wp\/v2\/pages"}],"about":[{"href":"https:\/\/forraskut.hu\/index.php\/wp-json\/wp\/v2\/types\/page"}],"author":[{"embeddable":true,"href":"https:\/\/forraskut.hu\/index.php\/wp-json\/wp\/v2\/users\/2"}],"replies":[{"embeddable":true,"href":"https:\/\/forraskut.hu\/index.php\/wp-json\/wp\/v2\/comments?post=3247"}],"version-history":[{"count":4,"href":"https:\/\/forraskut.hu\/index.php\/wp-json\/wp\/v2\/pages\/3247\/revisions"}],"predecessor-version":[{"id":3308,"href":"https:\/\/forraskut.hu\/index.php\/wp-json\/wp\/v2\/pages\/3247\/revisions\/3308"}],"wp:attachment":[{"href":"https:\/\/forraskut.hu\/index.php\/wp-json\/wp\/v2\/media?parent=3247"}],"curies":[{"name":"wp","href":"https:\/\/api.w.org\/{rel}","templated":true}]}}