{"id":299,"date":"2017-11-22T15:31:12","date_gmt":"2017-11-22T14:31:12","guid":{"rendered":"http:\/\/forraskut.hu\/?page_id=299"},"modified":"2025-05-21T12:42:41","modified_gmt":"2025-05-21T11:42:41","slug":"kozerdeku-dokumentumok","status":"publish","type":"page","link":"https:\/\/forraskut.hu\/index.php\/kozerdeku-dokumentumok\/","title":{"rendered":"Nyilv\u00e1ntart\u00e1sok"},"content":{"rendered":"<p class=\"last-modified\">Utolj\u00e1ra friss\u00edtve:&nbsp;  2025. m\u00e1jus 21.<\/p><p><a href=\"https:\/\/oknyir.kh.gov.hu\/\" target=\"_blank\" rel=\"noopener noreferrer\">Orsz\u00e1gos Kereskedelmi Nyilv\u00e1ntart\u00e1si Rendszer<\/a><\/p>\n<p>&nbsp;<\/p>\n<p><a href=\"http:\/\/forraskut.hu\/wp-content\/uploads\/let\u00f6lthet\u0151%20dok\/k\u00f6z\u00e9rdek\u00fc%20dok\/telep_nyt_2024_04.pdf\" target=\"_blank\" rel=\"noopener noreferrer\">Telephelyek nyilv\u00e1ntart\u00e1sa<\/a><\/p>\n<p>&nbsp;<\/p>\n<p><a href=\"http:\/\/forraskut.hu\/wp-content\/uploads\/let\u00f6lthet\u0151%20dok\/k\u00f6z\u00e9rdek\u00fc%20dok\/sz\u00e1ll\u00e1shely%20nyilv\u00e1ntart\u00e1s.pdf\" target=\"_blank\" rel=\"noopener noreferrer\">Sz\u00e1ll\u00e1shelyek nyilv\u00e1ntart\u00e1sa<\/a><\/p>\n<p>&nbsp;<\/p>\n<p><a href=\"https:\/\/forraskut.hu\/wp-content\/uploads\/let\u00f6lthet\u0151%20dok\/k\u00f6z\u00e9rdek\u00fc%20dok\/rendezveny_nyilvantartas_2025.pdf\" target=\"_blank\" rel=\"noopener\">Zen\u00e9s, t\u00e1ncos rendezv\u00e9nyek nyilv\u00e1ntart\u00e1sa<\/a><\/p>\n<p>&nbsp;<\/p>\n<p>&nbsp;<\/p>\n","protected":false},"excerpt":{"rendered":"<p>Utolj\u00e1ra friss\u00edtve:&nbsp; 2025. m\u00e1jus 21.Orsz\u00e1gos Kereskedelmi Nyilv\u00e1ntart\u00e1si Rendszer &nbsp; Telephelyek nyilv\u00e1ntart\u00e1sa &nbsp; Sz\u00e1ll\u00e1shelyek nyilv\u00e1ntart\u00e1sa &nbsp; Zen\u00e9s, t\u00e1ncos rendezv\u00e9nyek nyilv\u00e1ntart\u00e1sa &nbsp; &nbsp;<\/p>\n","protected":false},"author":2,"featured_media":0,"parent":0,"menu_order":0,"comment_status":"closed","ping_status":"closed","template":"","meta":{"_exactmetrics_skip_tracking":false,"_exactmetrics_sitenote_active":false,"_exactmetrics_sitenote_note":"","_exactmetrics_sitenote_category":0,"footnotes":""},"yoast_head":"<!-- This site is optimized with the Yoast SEO plugin v23.4 - https:\/\/yoast.com\/wordpress\/plugins\/seo\/ -->\n<title>Nyilv\u00e1ntart\u00e1sok - forraskut.hu<\/title>\n<meta name=\"robots\" content=\"index, follow, max-snippet:-1, max-image-preview:large, max-video-preview:-1\" \/>\n<link rel=\"canonical\" href=\"https:\/\/forraskut.hu\/index.php\/kozerdeku-dokumentumok\/\" \/>\n<meta property=\"og:locale\" content=\"hu_HU\" \/>\n<meta property=\"og:type\" content=\"article\" \/>\n<meta property=\"og:title\" content=\"Nyilv\u00e1ntart\u00e1sok - forraskut.hu\" \/>\n<meta property=\"og:description\" content=\"Utolj\u00e1ra friss\u00edtve:&nbsp; 2025. m\u00e1jus 21.Orsz\u00e1gos Kereskedelmi Nyilv\u00e1ntart\u00e1si Rendszer &nbsp; Telephelyek nyilv\u00e1ntart\u00e1sa &nbsp; Sz\u00e1ll\u00e1shelyek nyilv\u00e1ntart\u00e1sa &nbsp; Zen\u00e9s, t\u00e1ncos rendezv\u00e9nyek nyilv\u00e1ntart\u00e1sa &nbsp; &nbsp;\" \/>\n<meta property=\"og:url\" content=\"https:\/\/forraskut.hu\/index.php\/kozerdeku-dokumentumok\/\" \/>\n<meta property=\"og:site_name\" content=\"forraskut.hu\" \/>\n<meta property=\"article:modified_time\" content=\"2025-05-21T11:42:41+00:00\" \/>\n<meta name=\"twitter:card\" content=\"summary_large_image\" \/>\n<meta name=\"twitter:label1\" content=\"Becs\u00fclt olvas\u00e1si id\u0151\" \/>\n\t<meta name=\"twitter:data1\" content=\"1 perc\" \/>\n<script type=\"application\/ld+json\" class=\"yoast-schema-graph\">{\"@context\":\"https:\/\/schema.org\",\"@graph\":[{\"@type\":\"WebPage\",\"@id\":\"https:\/\/forraskut.hu\/index.php\/kozerdeku-dokumentumok\/\",\"url\":\"https:\/\/forraskut.hu\/index.php\/kozerdeku-dokumentumok\/\",\"name\":\"Nyilv\u00e1ntart\u00e1sok - forraskut.hu\",\"isPartOf\":{\"@id\":\"https:\/\/forraskut.hu\/#website\"},\"datePublished\":\"2017-11-22T14:31:12+00:00\",\"dateModified\":\"2025-05-21T11:42:41+00:00\",\"breadcrumb\":{\"@id\":\"https:\/\/forraskut.hu\/index.php\/kozerdeku-dokumentumok\/#breadcrumb\"},\"inLanguage\":\"hu\",\"potentialAction\":[{\"@type\":\"ReadAction\",\"target\":[\"https:\/\/forraskut.hu\/index.php\/kozerdeku-dokumentumok\/\"]}]},{\"@type\":\"BreadcrumbList\",\"@id\":\"https:\/\/forraskut.hu\/index.php\/kozerdeku-dokumentumok\/#breadcrumb\",\"itemListElement\":[{\"@type\":\"ListItem\",\"position\":1,\"name\":\"Kezd\u0151lap\",\"item\":\"https:\/\/forraskut.hu\/\"},{\"@type\":\"ListItem\",\"position\":2,\"name\":\"Nyilv\u00e1ntart\u00e1sok\"}]},{\"@type\":\"WebSite\",\"@id\":\"https:\/\/forraskut.hu\/#website\",\"url\":\"https:\/\/forraskut.hu\/\",\"name\":\"forraskut.hu\",\"description\":\"Forr\u00e1sk\u00fat k\u00f6zs\u00e9g hivatalos weboldala\",\"potentialAction\":[{\"@type\":\"SearchAction\",\"target\":{\"@type\":\"EntryPoint\",\"urlTemplate\":\"https:\/\/forraskut.hu\/?s={search_term_string}\"},\"query-input\":{\"@type\":\"PropertyValueSpecification\",\"valueRequired\":true,\"valueName\":\"search_term_string\"}}],\"inLanguage\":\"hu\"}]}<\/script>\n<!-- \/ Yoast SEO plugin. -->","yoast_head_json":{"title":"Nyilv\u00e1ntart\u00e1sok - forraskut.hu","robots":{"index":"index","follow":"follow","max-snippet":"max-snippet:-1","max-image-preview":"max-image-preview:large","max-video-preview":"max-video-preview:-1"},"canonical":"https:\/\/forraskut.hu\/index.php\/kozerdeku-dokumentumok\/","og_locale":"hu_HU","og_type":"article","og_title":"Nyilv\u00e1ntart\u00e1sok - forraskut.hu","og_description":"Utolj\u00e1ra friss\u00edtve:&nbsp; 2025. m\u00e1jus 21.Orsz\u00e1gos Kereskedelmi Nyilv\u00e1ntart\u00e1si Rendszer &nbsp; Telephelyek nyilv\u00e1ntart\u00e1sa &nbsp; Sz\u00e1ll\u00e1shelyek nyilv\u00e1ntart\u00e1sa &nbsp; Zen\u00e9s, t\u00e1ncos rendezv\u00e9nyek nyilv\u00e1ntart\u00e1sa &nbsp; &nbsp;","og_url":"https:\/\/forraskut.hu\/index.php\/kozerdeku-dokumentumok\/","og_site_name":"forraskut.hu","article_modified_time":"2025-05-21T11:42:41+00:00","twitter_card":"summary_large_image","twitter_misc":{"Becs\u00fclt olvas\u00e1si id\u0151":"1 perc"},"schema":{"@context":"https:\/\/schema.org","@graph":[{"@type":"WebPage","@id":"https:\/\/forraskut.hu\/index.php\/kozerdeku-dokumentumok\/","url":"https:\/\/forraskut.hu\/index.php\/kozerdeku-dokumentumok\/","name":"Nyilv\u00e1ntart\u00e1sok - forraskut.hu","isPartOf":{"@id":"https:\/\/forraskut.hu\/#website"},"datePublished":"2017-11-22T14:31:12+00:00","dateModified":"2025-05-21T11:42:41+00:00","breadcrumb":{"@id":"https:\/\/forraskut.hu\/index.php\/kozerdeku-dokumentumok\/#breadcrumb"},"inLanguage":"hu","potentialAction":[{"@type":"ReadAction","target":["https:\/\/forraskut.hu\/index.php\/kozerdeku-dokumentumok\/"]}]},{"@type":"BreadcrumbList","@id":"https:\/\/forraskut.hu\/index.php\/kozerdeku-dokumentumok\/#breadcrumb","itemListElement":[{"@type":"ListItem","position":1,"name":"Kezd\u0151lap","item":"https:\/\/forraskut.hu\/"},{"@type":"ListItem","position":2,"name":"Nyilv\u00e1ntart\u00e1sok"}]},{"@type":"WebSite","@id":"https:\/\/forraskut.hu\/#website","url":"https:\/\/forraskut.hu\/","name":"forraskut.hu","description":"Forr\u00e1sk\u00fat k\u00f6zs\u00e9g hivatalos weboldala","potentialAction":[{"@type":"SearchAction","target":{"@type":"EntryPoint","urlTemplate":"https:\/\/forraskut.hu\/?s={search_term_string}"},"query-input":{"@type":"PropertyValueSpecification","valueRequired":true,"valueName":"search_term_string"}}],"inLanguage":"hu"}]}},"_links":{"self":[{"href":"https:\/\/forraskut.hu\/index.php\/wp-json\/wp\/v2\/pages\/299"}],"collection":[{"href":"https:\/\/forraskut.hu\/index.php\/wp-json\/wp\/v2\/pages"}],"about":[{"href":"https:\/\/forraskut.hu\/index.php\/wp-json\/wp\/v2\/types\/page"}],"author":[{"embeddable":true,"href":"https:\/\/forraskut.hu\/index.php\/wp-json\/wp\/v2\/users\/2"}],"replies":[{"embeddable":true,"href":"https:\/\/forraskut.hu\/index.php\/wp-json\/wp\/v2\/comments?post=299"}],"version-history":[{"count":13,"href":"https:\/\/forraskut.hu\/index.php\/wp-json\/wp\/v2\/pages\/299\/revisions"}],"predecessor-version":[{"id":3565,"href":"https:\/\/forraskut.hu\/index.php\/wp-json\/wp\/v2\/pages\/299\/revisions\/3565"}],"wp:attachment":[{"href":"https:\/\/forraskut.hu\/index.php\/wp-json\/wp\/v2\/media?parent=299"}],"curies":[{"name":"wp","href":"https:\/\/api.w.org\/{rel}","templated":true}]}}