{"id":1216,"date":"2018-07-13T14:15:49","date_gmt":"2018-07-13T13:15:49","guid":{"rendered":"http:\/\/forraskut.hu\/?page_id=1216"},"modified":"2025-03-25T14:15:16","modified_gmt":"2025-03-25T13:15:16","slug":"impresszum","status":"publish","type":"page","link":"https:\/\/forraskut.hu\/index.php\/impresszum\/","title":{"rendered":"Impresszum"},"content":{"rendered":"<p class=\"last-modified\">Utolj\u00e1ra friss\u00edtve:&nbsp;  2025. m\u00e1rcius 25.<\/p><p><strong>Az oldal tulajdonosa:<\/strong> Forr\u00e1sk\u00fat K\u00f6zs\u00e9g \u00d6nkorm\u00e1nyzata<\/p>\n<p><strong>C\u00edm: <\/strong>6793 Forr\u00e1sk\u00fat, F\u0151 utca 74.<\/p>\n<p><strong>Tel:<\/strong> 62\/287-222<\/p>\n<p><strong>E-mail:<\/strong> hivatal@forraskut.hu<\/p>\n<p><strong>Ad\u00f3sz\u00e1m:<\/strong> 15726937-2-06<\/p>\n<p><strong>A t\u00e1rhelyet szolg\u00e1ltatja:<\/strong> Tarr kft<\/p>\n<p><a href=\"https:\/\/forraskut.hu\/wp-content\/uploads\/2021\/09\/Forraskut-Polgarmesteri-Hivatal-adatkezelesi-tajekoztato-2021-09-28.pdf\" target=\"_blank\" rel=\"noopener noreferrer\">Adatkezel\u00e9si t\u00e1j\u00e9koztat\u00f3<\/a><span dir=\"ltr\" role=\"presentation\"> -Forr\u00e1sk\u00fati Polg\u00e1rmesteri Hivatal<\/span><\/p>\n<p><a href=\"https:\/\/forraskut.hu\/wp-content\/uploads\/2023\/02\/adatkezelesi_tajek_onkorm.pdf\" target=\"_blank\" rel=\"noopener noreferrer\">Adatkezel\u00e9si t\u00e1j\u00e9koztat\u00f3<\/a> -Forr\u00e1sk\u00fat K\u00f6zs\u00e9g \u00d6nkorm\u00e1nyzata<\/p>\n","protected":false},"excerpt":{"rendered":"<p>Utolj\u00e1ra friss\u00edtve:&nbsp; 2025. m\u00e1rcius 25.Az oldal tulajdonosa: Forr\u00e1sk\u00fat K\u00f6zs\u00e9g \u00d6nkorm\u00e1nyzata C\u00edm: 6793 Forr\u00e1sk\u00fat, F\u0151 utca 74. Tel: 62\/287-222 E-mail: hivatal@forraskut.hu Ad\u00f3sz\u00e1m: 15726937-2-06 A t\u00e1rhelyet szolg\u00e1ltatja: Tarr kft Adatkezel\u00e9si t\u00e1j\u00e9koztat\u00f3 -Forr\u00e1sk\u00fati Polg\u00e1rmesteri Hivatal Adatkezel\u00e9si t\u00e1j\u00e9koztat\u00f3 -Forr\u00e1sk\u00fat K\u00f6zs\u00e9g \u00d6nkorm\u00e1nyzata<\/p>\n","protected":false},"author":2,"featured_media":0,"parent":0,"menu_order":0,"comment_status":"closed","ping_status":"closed","template":"","meta":{"_exactmetrics_skip_tracking":false,"_exactmetrics_sitenote_active":false,"_exactmetrics_sitenote_note":"","_exactmetrics_sitenote_category":0,"footnotes":""},"yoast_head":"<!-- This site is optimized with the Yoast SEO plugin v23.4 - https:\/\/yoast.com\/wordpress\/plugins\/seo\/ -->\n<title>Impresszum - forraskut.hu<\/title>\n<meta name=\"robots\" content=\"index, follow, max-snippet:-1, max-image-preview:large, max-video-preview:-1\" \/>\n<link rel=\"canonical\" href=\"https:\/\/forraskut.hu\/index.php\/impresszum\/\" \/>\n<meta property=\"og:locale\" content=\"hu_HU\" \/>\n<meta property=\"og:type\" content=\"article\" \/>\n<meta property=\"og:title\" content=\"Impresszum - forraskut.hu\" \/>\n<meta property=\"og:description\" content=\"Utolj\u00e1ra friss\u00edtve:&nbsp; 2025. m\u00e1rcius 25.Az oldal tulajdonosa: Forr\u00e1sk\u00fat K\u00f6zs\u00e9g \u00d6nkorm\u00e1nyzata C\u00edm: 6793 Forr\u00e1sk\u00fat, F\u0151 utca 74. Tel: 62\/287-222 E-mail: hivatal@forraskut.hu Ad\u00f3sz\u00e1m: 15726937-2-06 A t\u00e1rhelyet szolg\u00e1ltatja: Tarr kft Adatkezel\u00e9si t\u00e1j\u00e9koztat\u00f3 -Forr\u00e1sk\u00fati Polg\u00e1rmesteri Hivatal Adatkezel\u00e9si t\u00e1j\u00e9koztat\u00f3 -Forr\u00e1sk\u00fat K\u00f6zs\u00e9g \u00d6nkorm\u00e1nyzata\" \/>\n<meta property=\"og:url\" content=\"https:\/\/forraskut.hu\/index.php\/impresszum\/\" \/>\n<meta property=\"og:site_name\" content=\"forraskut.hu\" \/>\n<meta property=\"article:modified_time\" content=\"2025-03-25T13:15:16+00:00\" \/>\n<meta name=\"twitter:card\" content=\"summary_large_image\" \/>\n<meta name=\"twitter:label1\" content=\"Becs\u00fclt olvas\u00e1si id\u0151\" \/>\n\t<meta name=\"twitter:data1\" content=\"1 perc\" \/>\n<script type=\"application\/ld+json\" class=\"yoast-schema-graph\">{\"@context\":\"https:\/\/schema.org\",\"@graph\":[{\"@type\":\"WebPage\",\"@id\":\"https:\/\/forraskut.hu\/index.php\/impresszum\/\",\"url\":\"https:\/\/forraskut.hu\/index.php\/impresszum\/\",\"name\":\"Impresszum - forraskut.hu\",\"isPartOf\":{\"@id\":\"https:\/\/forraskut.hu\/#website\"},\"datePublished\":\"2018-07-13T13:15:49+00:00\",\"dateModified\":\"2025-03-25T13:15:16+00:00\",\"breadcrumb\":{\"@id\":\"https:\/\/forraskut.hu\/index.php\/impresszum\/#breadcrumb\"},\"inLanguage\":\"hu\",\"potentialAction\":[{\"@type\":\"ReadAction\",\"target\":[\"https:\/\/forraskut.hu\/index.php\/impresszum\/\"]}]},{\"@type\":\"BreadcrumbList\",\"@id\":\"https:\/\/forraskut.hu\/index.php\/impresszum\/#breadcrumb\",\"itemListElement\":[{\"@type\":\"ListItem\",\"position\":1,\"name\":\"Kezd\u0151lap\",\"item\":\"https:\/\/forraskut.hu\/\"},{\"@type\":\"ListItem\",\"position\":2,\"name\":\"Impresszum\"}]},{\"@type\":\"WebSite\",\"@id\":\"https:\/\/forraskut.hu\/#website\",\"url\":\"https:\/\/forraskut.hu\/\",\"name\":\"forraskut.hu\",\"description\":\"Forr\u00e1sk\u00fat k\u00f6zs\u00e9g hivatalos weboldala\",\"potentialAction\":[{\"@type\":\"SearchAction\",\"target\":{\"@type\":\"EntryPoint\",\"urlTemplate\":\"https:\/\/forraskut.hu\/?s={search_term_string}\"},\"query-input\":{\"@type\":\"PropertyValueSpecification\",\"valueRequired\":true,\"valueName\":\"search_term_string\"}}],\"inLanguage\":\"hu\"}]}<\/script>\n<!-- \/ Yoast SEO plugin. -->","yoast_head_json":{"title":"Impresszum - forraskut.hu","robots":{"index":"index","follow":"follow","max-snippet":"max-snippet:-1","max-image-preview":"max-image-preview:large","max-video-preview":"max-video-preview:-1"},"canonical":"https:\/\/forraskut.hu\/index.php\/impresszum\/","og_locale":"hu_HU","og_type":"article","og_title":"Impresszum - forraskut.hu","og_description":"Utolj\u00e1ra friss\u00edtve:&nbsp; 2025. m\u00e1rcius 25.Az oldal tulajdonosa: Forr\u00e1sk\u00fat K\u00f6zs\u00e9g \u00d6nkorm\u00e1nyzata C\u00edm: 6793 Forr\u00e1sk\u00fat, F\u0151 utca 74. Tel: 62\/287-222 E-mail: hivatal@forraskut.hu Ad\u00f3sz\u00e1m: 15726937-2-06 A t\u00e1rhelyet szolg\u00e1ltatja: Tarr kft Adatkezel\u00e9si t\u00e1j\u00e9koztat\u00f3 -Forr\u00e1sk\u00fati Polg\u00e1rmesteri Hivatal Adatkezel\u00e9si t\u00e1j\u00e9koztat\u00f3 -Forr\u00e1sk\u00fat K\u00f6zs\u00e9g \u00d6nkorm\u00e1nyzata","og_url":"https:\/\/forraskut.hu\/index.php\/impresszum\/","og_site_name":"forraskut.hu","article_modified_time":"2025-03-25T13:15:16+00:00","twitter_card":"summary_large_image","twitter_misc":{"Becs\u00fclt olvas\u00e1si id\u0151":"1 perc"},"schema":{"@context":"https:\/\/schema.org","@graph":[{"@type":"WebPage","@id":"https:\/\/forraskut.hu\/index.php\/impresszum\/","url":"https:\/\/forraskut.hu\/index.php\/impresszum\/","name":"Impresszum - forraskut.hu","isPartOf":{"@id":"https:\/\/forraskut.hu\/#website"},"datePublished":"2018-07-13T13:15:49+00:00","dateModified":"2025-03-25T13:15:16+00:00","breadcrumb":{"@id":"https:\/\/forraskut.hu\/index.php\/impresszum\/#breadcrumb"},"inLanguage":"hu","potentialAction":[{"@type":"ReadAction","target":["https:\/\/forraskut.hu\/index.php\/impresszum\/"]}]},{"@type":"BreadcrumbList","@id":"https:\/\/forraskut.hu\/index.php\/impresszum\/#breadcrumb","itemListElement":[{"@type":"ListItem","position":1,"name":"Kezd\u0151lap","item":"https:\/\/forraskut.hu\/"},{"@type":"ListItem","position":2,"name":"Impresszum"}]},{"@type":"WebSite","@id":"https:\/\/forraskut.hu\/#website","url":"https:\/\/forraskut.hu\/","name":"forraskut.hu","description":"Forr\u00e1sk\u00fat k\u00f6zs\u00e9g hivatalos weboldala","potentialAction":[{"@type":"SearchAction","target":{"@type":"EntryPoint","urlTemplate":"https:\/\/forraskut.hu\/?s={search_term_string}"},"query-input":{"@type":"PropertyValueSpecification","valueRequired":true,"valueName":"search_term_string"}}],"inLanguage":"hu"}]}},"_links":{"self":[{"href":"https:\/\/forraskut.hu\/index.php\/wp-json\/wp\/v2\/pages\/1216"}],"collection":[{"href":"https:\/\/forraskut.hu\/index.php\/wp-json\/wp\/v2\/pages"}],"about":[{"href":"https:\/\/forraskut.hu\/index.php\/wp-json\/wp\/v2\/types\/page"}],"author":[{"embeddable":true,"href":"https:\/\/forraskut.hu\/index.php\/wp-json\/wp\/v2\/users\/2"}],"replies":[{"embeddable":true,"href":"https:\/\/forraskut.hu\/index.php\/wp-json\/wp\/v2\/comments?post=1216"}],"version-history":[{"count":8,"href":"https:\/\/forraskut.hu\/index.php\/wp-json\/wp\/v2\/pages\/1216\/revisions"}],"predecessor-version":[{"id":3482,"href":"https:\/\/forraskut.hu\/index.php\/wp-json\/wp\/v2\/pages\/1216\/revisions\/3482"}],"wp:attachment":[{"href":"https:\/\/forraskut.hu\/index.php\/wp-json\/wp\/v2\/media?parent=1216"}],"curies":[{"name":"wp","href":"https:\/\/api.w.org\/{rel}","templated":true}]}}